{"id":65,"date":"2017-02-22T18:04:18","date_gmt":"2017-02-22T18:04:18","guid":{"rendered":"https:\/\/www.itba.edu.ar\/intranet\/graduados\/?page_id=65"},"modified":"2022-02-21T15:21:44","modified_gmt":"2022-02-21T18:21:44","slug":"noticias","status":"publish","type":"page","link":"https:\/\/www.itba.edu.ar\/intranet\/graduados\/noticias\/","title":{"rendered":"NOTICIAS"},"content":{"rendered":"<p>[et_pb_section fb_built=\u00bb1&#8243; fullwidth=\u00bbon\u00bb custom_padding_last_edited=\u00bbon|desktop\u00bb admin_label=\u00bbSecci\u00f3n\u00bb _builder_version=\u00bb3.22&#8243; background_color=\u00bb#0a456c\u00bb custom_padding_tablet=\u00bb50px|0|50px|0&#8243; custom_padding_phone=\u00bb\u00bb transparent_background=\u00bboff\u00bb padding_mobile=\u00bboff\u00bb make_fullwidth=\u00bboff\u00bb use_custom_width=\u00bboff\u00bb width_unit=\u00bbon\u00bb][et_pb_fullwidth_header title=\u00bbNOTICIAS\u00bb content_max_width=\u00bbnone\u00bb admin_label=\u00bbT\u00edtulo de anchura completa\u00bb _builder_version=\u00bb3.16&#8243; title_font=\u00bbAbel||||\u00bb title_font_size=\u00bb41px\u00bb background_color=\u00bbrgba(255, 255, 255, 0)\u00bb button_one_border_radius_hover=\u00bb0&#8243; button_two_border_radius_hover=\u00bb0&#8243; button_one_letter_spacing_hover=\u00bb0&#8243; button_two_letter_spacing_hover=\u00bb0&#8243; button_one_text_size__hover_enabled=\u00bboff\u00bb button_two_text_size__hover_enabled=\u00bboff\u00bb button_one_text_color__hover_enabled=\u00bboff\u00bb button_two_text_color__hover_enabled=\u00bboff\u00bb button_one_border_width__hover_enabled=\u00bboff\u00bb button_two_border_width__hover_enabled=\u00bboff\u00bb button_one_border_color__hover_enabled=\u00bboff\u00bb button_two_border_color__hover_enabled=\u00bboff\u00bb button_one_border_radius__hover_enabled=\u00bbon\u00bb button_one_border_radius__hover=\u00bb0&#8243; button_two_border_radius__hover_enabled=\u00bbon\u00bb button_two_border_radius__hover=\u00bb0&#8243; button_one_letter_spacing__hover_enabled=\u00bbon\u00bb button_one_letter_spacing__hover=\u00bb0&#8243; button_two_letter_spacing__hover_enabled=\u00bbon\u00bb button_two_letter_spacing__hover=\u00bb0&#8243; button_one_bg_color__hover_enabled=\u00bboff\u00bb button_two_bg_color__hover_enabled=\u00bboff\u00bb][\/et_pb_fullwidth_header][\/et_pb_section][et_pb_section fb_built=\u00bb1&#8243; admin_label=\u00bbSection\u00bb _builder_version=\u00bb3.22&#8243;][et_pb_row admin_label=\u00bbRow\u00bb _builder_version=\u00bb3.25&#8243; background_size=\u00bbinitial\u00bb background_position=\u00bbtop_left\u00bb background_repeat=\u00bbrepeat\u00bb][et_pb_column type=\u00bb4_4&#8243; _builder_version=\u00bb3.25&#8243; custom_padding=\u00bb|||\u00bb custom_padding__hover=\u00bb|||\u00bb]<div class=\"et_pb_module et_pb_blog_0  et_pb_css_mix_blend_mode et_pb_blog_grid_wrapper et_pb_bg_layout_light\">\n\t\t\t\t\n\t\t\t\t\n\t\t\t\t\n\t\t\t\t\n\t\t\t\t\n\t\t\t\t\n\t\t\t\t<div class=\"et_pb_module_inner\">\n\t\t\t\t\t<div class=\"et_pb_module et_pb_blog_0  et_pb_css_mix_blend_mode et_pb_blog_grid_wrapper et_pb_bg_layout_light\">\n\t\t\t\t\t<div class=\"et_pb_blog_grid clearfix \">\n\t\t\t\t\t\n\t\t\t\t\t\n\t\t\t\t\t\n\t\t\t\t\t\n\t\t\t\t\t<div class=\"et_pb_ajax_pagination_container\">\n\t\t\t\t\t\t<div class=\"et_pb_salvattore_content\" data-columns>\n\t\t\t<article id=\"post-419\" class=\"et_pb_post clearfix et_pb_blog_item_0_0 post-419 post type-post status-publish format-standard has-post-thumbnail hentry category-noticias\">\n\n\t\t\t\t<div class=\"et_pb_image_container\"><a href=\"https:\/\/www.itba.edu.ar\/intranet\/graduados\/2017\/10\/24\/orgullo-itba\/\" class=\"entry-featured-image-url\"><img loading=\"lazy\" decoding=\"async\" src=\"https:\/\/intranet-nv.s3.amazonaws.com\/wp-content\/uploads\/sites\/8\/2017\/10\/Agustina-Fainguersch-1140x642-400x250.jpg\" alt=\"ORGULLO ITBA\" class=\"\" srcset=\"https:\/\/intranet-nv.s3.amazonaws.com\/wp-content\/uploads\/sites\/8\/2017\/10\/Agustina-Fainguersch-1140x642.jpg 479w, https:\/\/intranet-nv.s3.amazonaws.com\/wp-content\/uploads\/sites\/8\/2017\/10\/Agustina-Fainguersch-1140x642-400x250.jpg 480w \" sizes=\"(max-width:479px) 479px, 100vw \"  width=\"400\" height=\"250\" \/><\/a><\/div>\n\t\t\t\t\t\t\t\t\t\t\t\t\t\t<h2 class=\"entry-title\">\n\t\t\t\t\t\t\t\t\t\t\t\t\t<a href=\"https:\/\/www.itba.edu.ar\/intranet\/graduados\/2017\/10\/24\/orgullo-itba\/\">ORGULLO ITBA<\/a>\n\t\t\t\t\t\t\t\t\t\t\t<\/h2>\n\t\t\t\t\n\t\t\t\t\t<p class=\"post-meta\"><span class=\"published\">Oct 24, 2017<\/span> | <a href=\"https:\/\/www.itba.edu.ar\/intranet\/graduados\/category\/noticias\/\" rel=\"tag\">Noticias<\/a><\/p><div class=\"post-content\"><div class=\"post-content-inner\"><p>La Ingeniera Inform\u00e1tica Agustina Fainguersch fue elegida como una de las 35 mentes j\u00f3venes innovadoras latinoamericanas, gracias a su proyecto Muzi.<\/p>\n<\/div><\/div>\t\t\t\n\t\t\t<\/article>\n\t\t\t\t\n\t\t\t<article id=\"post-394\" class=\"et_pb_post clearfix et_pb_blog_item_0_1 post-394 post type-post status-publish format-standard has-post-thumbnail hentry category-noticias\">\n\n\t\t\t\t<div class=\"et_pb_image_container\"><a href=\"https:\/\/www.itba.edu.ar\/intranet\/graduados\/2017\/09\/15\/ingenieras-las-mujeres-avanzan-en-un-area-en-la-que-aun-mandan-los-varones-%f0%9f%92%aa%f0%9f%8e%93\/\" class=\"entry-featured-image-url\"><img loading=\"lazy\" decoding=\"async\" src=\"https:\/\/intranet-nv.s3.amazonaws.com\/wp-content\/uploads\/sites\/8\/2017\/09\/mes-de-la-educacion-2531017w620-400x250.jpg\" alt=\"Ingenieras: las mujeres avanzan en un \u00e1rea en la que a\u00fan mandan los varones ??\" class=\"\" srcset=\"https:\/\/intranet-nv.s3.amazonaws.com\/wp-content\/uploads\/sites\/8\/2017\/09\/mes-de-la-educacion-2531017w620.jpg 479w, https:\/\/intranet-nv.s3.amazonaws.com\/wp-content\/uploads\/sites\/8\/2017\/09\/mes-de-la-educacion-2531017w620-400x250.jpg 480w \" sizes=\"(max-width:479px) 479px, 100vw \"  width=\"400\" height=\"250\" \/><\/a><\/div>\n\t\t\t\t\t\t\t\t\t\t\t\t\t\t<h2 class=\"entry-title\">\n\t\t\t\t\t\t\t\t\t\t\t\t\t<a href=\"https:\/\/www.itba.edu.ar\/intranet\/graduados\/2017\/09\/15\/ingenieras-las-mujeres-avanzan-en-un-area-en-la-que-aun-mandan-los-varones-%f0%9f%92%aa%f0%9f%8e%93\/\">Ingenieras: las mujeres avanzan en un \u00e1rea en la que a\u00fan mandan los varones ??<\/a>\n\t\t\t\t\t\t\t\t\t\t\t<\/h2>\n\t\t\t\t\n\t\t\t\t\t<p class=\"post-meta\"><span class=\"published\">Sep 15, 2017<\/span> | <a href=\"https:\/\/www.itba.edu.ar\/intranet\/graduados\/category\/noticias\/\" rel=\"tag\">Noticias<\/a><\/p><div class=\"post-content\"><div class=\"post-content-inner\"><p>Se estima que representan el 20 por ciento de las matr\u00edculas;sin embargo, en algunas ramas de la disciplina, ellas siguen siendo minor\u00eda; los arquetipos de g\u00e9nero, una de las barreras.<\/p>\n<\/div><\/div>\t\t\t\n\t\t\t<\/article>\n\t\t\t\t\n\t\t\t<article id=\"post-365\" class=\"et_pb_post clearfix et_pb_blog_item_0_2 post-365 post type-post status-publish format-standard has-post-thumbnail hentry category-noticias\">\n\n\t\t\t\t<div class=\"et_pb_image_container\"><a href=\"https:\/\/www.itba.edu.ar\/intranet\/graduados\/2017\/08\/24\/macri-recibio-a-estudiantes-premiados-por-microsoft-en-un-concurso-internacional-sobre-tecnologia\/\" class=\"entry-featured-image-url\"><img loading=\"lazy\" decoding=\"async\" src=\"https:\/\/intranet-nv.s3.amazonaws.com\/wp-content\/uploads\/sites\/8\/2017\/08\/599dad586d7cb_324x182.jpg\" alt=\"Macri recibi\u00f3 a estudiantes premiados por Microsoft en un concurso internacional sobre tecnolog\u00eda\" class=\"\" srcset=\"https:\/\/intranet-nv.s3.amazonaws.com\/wp-content\/uploads\/sites\/8\/2017\/08\/599dad586d7cb_324x182.jpg 479w, https:\/\/intranet-nv.s3.amazonaws.com\/wp-content\/uploads\/sites\/8\/2017\/08\/599dad586d7cb_324x182.jpg 480w \" sizes=\"(max-width:479px) 479px, 100vw \"  width=\"400\" height=\"250\" \/><\/a><\/div>\n\t\t\t\t\t\t\t\t\t\t\t\t\t\t<h2 class=\"entry-title\">\n\t\t\t\t\t\t\t\t\t\t\t\t\t<a href=\"https:\/\/www.itba.edu.ar\/intranet\/graduados\/2017\/08\/24\/macri-recibio-a-estudiantes-premiados-por-microsoft-en-un-concurso-internacional-sobre-tecnologia\/\">Macri recibi\u00f3 a estudiantes premiados por Microsoft en un concurso internacional sobre tecnolog\u00eda<\/a>\n\t\t\t\t\t\t\t\t\t\t\t<\/h2>\n\t\t\t\t\n\t\t\t\t\t<p class=\"post-meta\"><span class=\"published\">Ago 24, 2017<\/span> | <a href=\"https:\/\/www.itba.edu.ar\/intranet\/graduados\/category\/noticias\/\" rel=\"tag\">Noticias<\/a><\/p><div class=\"post-content\"><div class=\"post-content-inner\"><p>El presidente Mauricio Macri recibi\u00f3 este mi\u00e9rcoles en la residencia de Olivos a un grupo de estudiantes premiados por haber creado un programa que posibilita a los rescatistas actuar con m\u00e1s celeridad y precisi\u00f3n frente a cat\u00e1strofes naturales.<\/p>\n<\/div><\/div>\t\t\t\n\t\t\t<\/article>\n\t\t\t\t\n\t\t\t<article id=\"post-301\" class=\"et_pb_post clearfix et_pb_blog_item_0_3 post-301 post type-post status-publish format-standard has-post-thumbnail hentry category-noticias\">\n\n\t\t\t\t<div class=\"et_pb_image_container\"><a href=\"https:\/\/www.itba.edu.ar\/intranet\/graduados\/2017\/08\/09\/beca-fulbright-ministerio-de-educacion-de-la-nacion-para-estancias-de-investigacion-en-estados-unidos-%f0%9f%8e%93\/\" class=\"entry-featured-image-url\"><img loading=\"lazy\" decoding=\"async\" src=\"https:\/\/intranet-nv.s3.amazonaws.com\/wp-content\/uploads\/sites\/8\/2017\/08\/becas-para-estudiar-arte-en-el-museo-metropolitano-de-nueva-york-400x250.jpg\" alt=\"Beca Fulbright \u2013 Ministerio de Educaci\u00f3n de la Naci\u00f3n para estancias de investigaci\u00f3n en Estados Unidos. ?\" class=\"\" srcset=\"https:\/\/intranet-nv.s3.amazonaws.com\/wp-content\/uploads\/sites\/8\/2017\/08\/becas-para-estudiar-arte-en-el-museo-metropolitano-de-nueva-york.jpg 479w, https:\/\/intranet-nv.s3.amazonaws.com\/wp-content\/uploads\/sites\/8\/2017\/08\/becas-para-estudiar-arte-en-el-museo-metropolitano-de-nueva-york-400x250.jpg 480w \" sizes=\"(max-width:479px) 479px, 100vw \"  width=\"400\" height=\"250\" \/><\/a><\/div>\n\t\t\t\t\t\t\t\t\t\t\t\t\t\t<h2 class=\"entry-title\">\n\t\t\t\t\t\t\t\t\t\t\t\t\t<a href=\"https:\/\/www.itba.edu.ar\/intranet\/graduados\/2017\/08\/09\/beca-fulbright-ministerio-de-educacion-de-la-nacion-para-estancias-de-investigacion-en-estados-unidos-%f0%9f%8e%93\/\">Beca Fulbright \u2013 Ministerio de Educaci\u00f3n de la Naci\u00f3n para estancias de investigaci\u00f3n en Estados Unidos. ?<\/a>\n\t\t\t\t\t\t\t\t\t\t\t<\/h2>\n\t\t\t\t\n\t\t\t\t\t<p class=\"post-meta\"><span class=\"published\">Ago 9, 2017<\/span> | <a href=\"https:\/\/www.itba.edu.ar\/intranet\/graduados\/category\/noticias\/\" rel=\"tag\">Noticias<\/a><\/p><div class=\"post-content\"><div class=\"post-content-inner\"><p>Las instituciones auspiciantes anuncian la apertura de la convocatoria de becas para estancias de investigaci\u00f3n de tres meses en universidades de los estados unidos.<\/p>\n<\/div><\/div>\t\t\t\n\t\t\t<\/article>\n\t\t\t\t\n\t\t\t<article id=\"post-264\" class=\"et_pb_post clearfix et_pb_blog_item_0_4 post-264 post type-post status-publish format-standard has-post-thumbnail hentry category-noticias\">\n\n\t\t\t\t<div class=\"et_pb_image_container\"><a href=\"https:\/\/www.itba.edu.ar\/intranet\/graduados\/2017\/07\/12\/graduados-la-integracion-como-eje\/\" class=\"entry-featured-image-url\"><img loading=\"lazy\" decoding=\"async\" src=\"https:\/\/intranet-nv.s3.amazonaws.com\/wp-content\/uploads\/sites\/8\/2017\/07\/Graduados-elegida-1140x642-400x250.jpg\" alt=\"GRADUADOS, LA INTEGRACI\u00d3N COMO EJE\" class=\"\" srcset=\"https:\/\/intranet-nv.s3.amazonaws.com\/wp-content\/uploads\/sites\/8\/2017\/07\/Graduados-elegida-1140x642.jpg 479w, https:\/\/intranet-nv.s3.amazonaws.com\/wp-content\/uploads\/sites\/8\/2017\/07\/Graduados-elegida-1140x642-400x250.jpg 480w \" sizes=\"(max-width:479px) 479px, 100vw \"  width=\"400\" height=\"250\" \/><\/a><\/div>\n\t\t\t\t\t\t\t\t\t\t\t\t\t\t<h2 class=\"entry-title\">\n\t\t\t\t\t\t\t\t\t\t\t\t\t<a href=\"https:\/\/www.itba.edu.ar\/intranet\/graduados\/2017\/07\/12\/graduados-la-integracion-como-eje\/\">GRADUADOS, LA INTEGRACI\u00d3N COMO EJE<\/a>\n\t\t\t\t\t\t\t\t\t\t\t<\/h2>\n\t\t\t\t\n\t\t\t\t\t<p class=\"post-meta\"><span class=\"published\">Jul 12, 2017<\/span> | <a href=\"https:\/\/www.itba.edu.ar\/intranet\/graduados\/category\/noticias\/\" rel=\"tag\">Noticias<\/a><\/p><div class=\"post-content\"><div class=\"post-content-inner\"><p>El ITBA organiz\u00f3 el primer Encuentro de Delegados de Graduados, una iniciativa para seguir acercando a quienes se formaron en la Universidad. El Hotel Panamericano fue testigo de una jornada destacada que repercutir\u00e1 en el futuro inmediato del ITBA. \u00a0El Departamento...<\/p>\n<\/div><\/div>\t\t\t\n\t\t\t<\/article>\n\t\t\t\t\n\t\t\t<article id=\"post-260\" class=\"et_pb_post clearfix et_pb_blog_item_0_5 post-260 post type-post status-publish format-standard has-post-thumbnail hentry category-noticias\">\n\n\t\t\t\t<div class=\"et_pb_image_container\"><a href=\"https:\/\/www.itba.edu.ar\/intranet\/graduados\/2017\/07\/03\/con-las-puertas-abiertas-%f0%9f%8e%93\/\" class=\"entry-featured-image-url\"><img loading=\"lazy\" decoding=\"async\" src=\"https:\/\/intranet-nv.s3.amazonaws.com\/wp-content\/uploads\/sites\/8\/2017\/07\/097-itba-1140x642-400x250.jpg\" alt=\"CON LAS PUERTAS ABIERTAS\u00a0?\" class=\"\" srcset=\"https:\/\/intranet-nv.s3.amazonaws.com\/wp-content\/uploads\/sites\/8\/2017\/07\/097-itba-1140x642.jpg 479w, https:\/\/intranet-nv.s3.amazonaws.com\/wp-content\/uploads\/sites\/8\/2017\/07\/097-itba-1140x642-400x250.jpg 480w \" sizes=\"(max-width:479px) 479px, 100vw \"  width=\"400\" height=\"250\" \/><\/a><\/div>\n\t\t\t\t\t\t\t\t\t\t\t\t\t\t<h2 class=\"entry-title\">\n\t\t\t\t\t\t\t\t\t\t\t\t\t<a href=\"https:\/\/www.itba.edu.ar\/intranet\/graduados\/2017\/07\/03\/con-las-puertas-abiertas-%f0%9f%8e%93\/\">CON LAS PUERTAS ABIERTAS\u00a0?<\/a>\n\t\t\t\t\t\t\t\t\t\t\t<\/h2>\n\t\t\t\t\n\t\t\t\t\t<p class=\"post-meta\"><span class=\"published\">Jul 3, 2017<\/span> | <a href=\"https:\/\/www.itba.edu.ar\/intranet\/graduados\/category\/noticias\/\" rel=\"tag\">Noticias<\/a><\/p><div class=\"post-content\"><div class=\"post-content-inner\"><p>&nbsp; El segundo encuentro de los graduados de la Licenciatura en Administraci\u00f3n y Sistemas reuni\u00f3 a miembros de distintas promociones. La tem\u00e1tica del evento fue la transformaci\u00f3n digital. El sentido de pertenencia es un valor que retroalimenta la relaci\u00f3n entre una...<\/p>\n<\/div><\/div>\t\t\t\n\t\t\t<\/article>\n\t\t\t\t\n\t\t\t<article id=\"post-256\" class=\"et_pb_post clearfix et_pb_blog_item_0_6 post-256 post type-post status-publish format-standard has-post-thumbnail hentry category-noticias\">\n\n\t\t\t\t<div class=\"et_pb_image_container\"><a href=\"https:\/\/www.itba.edu.ar\/intranet\/graduados\/2017\/06\/07\/felicitaciones-%f0%9f%91%8f%f0%9f%8e%93\/\" class=\"entry-featured-image-url\"><img loading=\"lazy\" decoding=\"async\" src=\"https:\/\/intranet-nv.s3.amazonaws.com\/wp-content\/uploads\/sites\/8\/2017\/06\/Sin-t%C3%ADtulo-400x250.png\" alt=\"\u00a1Felicitaciones! ??\" class=\"\" srcset=\"https:\/\/intranet-nv.s3.amazonaws.com\/wp-content\/uploads\/sites\/8\/2017\/06\/Sin-t%C3%ADtulo.png 479w, https:\/\/intranet-nv.s3.amazonaws.com\/wp-content\/uploads\/sites\/8\/2017\/06\/Sin-t%C3%ADtulo-400x250.png 480w \" sizes=\"(max-width:479px) 479px, 100vw \"  width=\"400\" height=\"250\" \/><\/a><\/div>\n\t\t\t\t\t\t\t\t\t\t\t\t\t\t<h2 class=\"entry-title\">\n\t\t\t\t\t\t\t\t\t\t\t\t\t<a href=\"https:\/\/www.itba.edu.ar\/intranet\/graduados\/2017\/06\/07\/felicitaciones-%f0%9f%91%8f%f0%9f%8e%93\/\">\u00a1Felicitaciones! ??<\/a>\n\t\t\t\t\t\t\t\t\t\t\t<\/h2>\n\t\t\t\t\n\t\t\t\t\t<p class=\"post-meta\"><span class=\"published\">Jun 7, 2017<\/span> | <a href=\"https:\/\/www.itba.edu.ar\/intranet\/graduados\/category\/noticias\/\" rel=\"tag\">Noticias<\/a><\/p><div class=\"post-content\"><div class=\"post-content-inner\"><p>Mart\u00edn Parselis, ingeniero electr\u00f3nico promoci\u00f3n 32, es coautor del libro \"Tecnolog\u00edas Entra\u00f1ables\", recientemente editado en Espa\u00f1a. Frente al modelo predominante de desarrollo tecnol\u00f3gico alienante, \u200ben el libro se \u200bpropone un modelo alternativo, el de tecnolog\u00edas...<\/p>\n<\/div><\/div>\t\t\t\n\t\t\t<\/article>\n\t\t\t\t\n\t\t\t<article id=\"post-253\" class=\"et_pb_post clearfix et_pb_blog_item_0_7 post-253 post type-post status-publish format-standard has-post-thumbnail hentry category-noticias\">\n\n\t\t\t\t<div class=\"et_pb_image_container\"><a href=\"https:\/\/www.itba.edu.ar\/intranet\/graduados\/2017\/06\/01\/acto-50-aniversario-promocion-2-1967-2017\/\" class=\"entry-featured-image-url\"><img loading=\"lazy\" decoding=\"async\" src=\"https:\/\/intranet-nv.s3.amazonaws.com\/wp-content\/uploads\/sites\/8\/2017\/06\/1-400x250.jpg\" alt=\"Acto 50\u00b0 aniversario Promoci\u00f3n 2 (1967 &#8211; 2017)\" class=\"\" srcset=\"https:\/\/intranet-nv.s3.amazonaws.com\/wp-content\/uploads\/sites\/8\/2017\/06\/1.jpg 479w, https:\/\/intranet-nv.s3.amazonaws.com\/wp-content\/uploads\/sites\/8\/2017\/06\/1-400x250.jpg 480w \" sizes=\"(max-width:479px) 479px, 100vw \"  width=\"400\" height=\"250\" \/><\/a><\/div>\n\t\t\t\t\t\t\t\t\t\t\t\t\t\t<h2 class=\"entry-title\">\n\t\t\t\t\t\t\t\t\t\t\t\t\t<a href=\"https:\/\/www.itba.edu.ar\/intranet\/graduados\/2017\/06\/01\/acto-50-aniversario-promocion-2-1967-2017\/\">Acto 50\u00b0 aniversario Promoci\u00f3n 2 (1967 &#8211; 2017)<\/a>\n\t\t\t\t\t\t\t\t\t\t\t<\/h2>\n\t\t\t\t\n\t\t\t\t\t<p class=\"post-meta\"><span class=\"published\">Jun 1, 2017<\/span> | <a href=\"https:\/\/www.itba.edu.ar\/intranet\/graduados\/category\/noticias\/\" rel=\"tag\">Noticias<\/a><\/p><div class=\"post-content\"><div class=\"post-content-inner\"><p>\u00a0 El mi\u00e9rcoles 7 de junio a las 18:30 horas, en el Aula Magna del ITBA (Madero 399), celebraremos junto a nuestros graduados de la Promoci\u00f3n 2 (1967) sus 50 a\u00f1os de graduaci\u00f3n. \u00a0 Quienes nos quieran acompa\u00f1ar lo pueden hacer realizando reserva a: \u00a0...<\/p>\n<\/div><\/div>\t\t\t\n\t\t\t<\/article>\n\t\t\t\t\n\t\t\t<article id=\"post-244\" class=\"et_pb_post clearfix et_pb_blog_item_0_8 post-244 post type-post status-publish format-standard has-post-thumbnail hentry category-noticias\">\n\n\t\t\t\t<div class=\"et_pb_image_container\"><a href=\"https:\/\/www.itba.edu.ar\/intranet\/graduados\/2017\/06\/01\/encuentro-de-graduados-en-petroleo-del-itba-%f0%9f%8e%93\/\" class=\"entry-featured-image-url\"><img loading=\"lazy\" decoding=\"async\" src=\"https:\/\/intranet-nv.s3.amazonaws.com\/wp-content\/uploads\/sites\/8\/2017\/06\/unnamed-400x250.jpg\" alt=\"Encuentro de Graduados en Petr\u00f3leo del ITBA ?\" class=\"\" srcset=\"https:\/\/intranet-nv.s3.amazonaws.com\/wp-content\/uploads\/sites\/8\/2017\/06\/unnamed.jpg 479w, https:\/\/intranet-nv.s3.amazonaws.com\/wp-content\/uploads\/sites\/8\/2017\/06\/unnamed-400x250.jpg 480w \" sizes=\"(max-width:479px) 479px, 100vw \"  width=\"400\" height=\"250\" \/><\/a><\/div>\n\t\t\t\t\t\t\t\t\t\t\t\t\t\t<h2 class=\"entry-title\">\n\t\t\t\t\t\t\t\t\t\t\t\t\t<a href=\"https:\/\/www.itba.edu.ar\/intranet\/graduados\/2017\/06\/01\/encuentro-de-graduados-en-petroleo-del-itba-%f0%9f%8e%93\/\">Encuentro de Graduados en Petr\u00f3leo del ITBA ?<\/a>\n\t\t\t\t\t\t\t\t\t\t\t<\/h2>\n\t\t\t\t\n\t\t\t\t\t<p class=\"post-meta\"><span class=\"published\">Jun 1, 2017<\/span> | <a href=\"https:\/\/www.itba.edu.ar\/intranet\/graduados\/category\/noticias\/\" rel=\"tag\">Noticias<\/a><\/p><div class=\"post-content\"><div class=\"post-content-inner\"><p>El martes 30 de mayo se realiz\u00f3 en el SUM de la sede de Madero, un encuentro de graduados de Ingenier\u00eda en Petr\u00f3leo. La reuni\u00f3n, organizada en forma conjunta por el Depto. de Ingenier\u00eda en Petr\u00f3leo y el Depto. de Graduados del ITBA, cont\u00f3 con la participaci\u00f3n de 100...<\/p>\n<\/div><\/div>\t\t\t\n\t\t\t<\/article>\n\t\t\t\t\n\t\t\t<article id=\"post-241\" class=\"et_pb_post clearfix et_pb_blog_item_0_9 post-241 post type-post status-publish format-standard has-post-thumbnail hentry category-noticias\">\n\n\t\t\t\t<div class=\"et_pb_image_container\"><a href=\"https:\/\/www.itba.edu.ar\/intranet\/graduados\/2017\/05\/30\/sistema-organizado-por-estudiantes-argentinos-usa-drones-autonomos-para-ayudar-ante-una-catastrofe-natural\/\" class=\"entry-featured-image-url\"><img loading=\"lazy\" decoding=\"async\" src=\"https:\/\/intranet-nv.s3.amazonaws.com\/wp-content\/uploads\/sites\/8\/2017\/05\/Sin-t%C3%ADtulo-1-400x250.png\" alt=\"Sistema organizado por estudiantes argentinos usa drones aut\u00f3nomos para ayudar ante una cat\u00e1strofe natural\" class=\"\" srcset=\"https:\/\/intranet-nv.s3.amazonaws.com\/wp-content\/uploads\/sites\/8\/2017\/05\/Sin-t%C3%ADtulo-1.png 479w, https:\/\/intranet-nv.s3.amazonaws.com\/wp-content\/uploads\/sites\/8\/2017\/05\/Sin-t%C3%ADtulo-1-400x250.png 480w \" sizes=\"(max-width:479px) 479px, 100vw \"  width=\"400\" height=\"250\" \/><\/a><\/div>\n\t\t\t\t\t\t\t\t\t\t\t\t\t\t<h2 class=\"entry-title\">\n\t\t\t\t\t\t\t\t\t\t\t\t\t<a href=\"https:\/\/www.itba.edu.ar\/intranet\/graduados\/2017\/05\/30\/sistema-organizado-por-estudiantes-argentinos-usa-drones-autonomos-para-ayudar-ante-una-catastrofe-natural\/\">Sistema organizado por estudiantes argentinos usa drones aut\u00f3nomos para ayudar ante una cat\u00e1strofe natural<\/a>\n\t\t\t\t\t\t\t\t\t\t\t<\/h2>\n\t\t\t\t\n\t\t\t\t\t<p class=\"post-meta\"><span class=\"published\">May 30, 2017<\/span> | <a href=\"https:\/\/www.itba.edu.ar\/intranet\/graduados\/category\/noticias\/\" rel=\"tag\">Noticias<\/a><\/p><div class=\"post-content\"><div class=\"post-content-inner\"><p>Un verdadero #OrgulloITBA. Son estudiantes del tercer a\u00f1o de la carrera de ingenier\u00eda inform\u00e1tica del ITBA; desarrollaron Rescue, un sistema conformado por veh\u00edculos a\u00e9reos que permite monitorear zonas de desastres y realizar un r\u00e1pido diagn\u00f3stico de las necesidades...<\/p>\n<\/div><\/div>\t\t\t\n\t\t\t<\/article>\n\t\t\t\t<\/div><div><div class=\"pagination clearfix\">\n\t<div class=\"alignleft\"><a href=\"https:\/\/www.itba.edu.ar\/intranet\/graduados\/wp-json\/wp\/v2\/pages\/65\/page\/2\/?et_blog\" >&laquo; Entradas m\u00e1s antiguas<\/a><\/div>\n\t<div class=\"alignright\"><\/div>\n<\/div><\/div><\/div>\n\t\t\t\t\t<\/div>\n\t\t\t\t\t \n\t\t\t\t<\/div>\n\t\t\t\t<\/div>\n\t\t\t<\/div>[\/et_pb_column][\/et_pb_row][\/et_pb_section]<\/p>\n","protected":false},"excerpt":{"rendered":"","protected":false},"author":907,"featured_media":5593,"parent":0,"menu_order":0,"comment_status":"closed","ping_status":"closed","template":"","meta":{"_et_pb_use_builder":"on","_et_pb_old_content":"","_et_gb_content_width":"","footnotes":""},"class_list":["post-65","page","type-page","status-publish","has-post-thumbnail","hentry"],"_links":{"self":[{"href":"https:\/\/www.itba.edu.ar\/intranet\/graduados\/wp-json\/wp\/v2\/pages\/65","targetHints":{"allow":["GET"]}}],"collection":[{"href":"https:\/\/www.itba.edu.ar\/intranet\/graduados\/wp-json\/wp\/v2\/pages"}],"about":[{"href":"https:\/\/www.itba.edu.ar\/intranet\/graduados\/wp-json\/wp\/v2\/types\/page"}],"author":[{"embeddable":true,"href":"https:\/\/www.itba.edu.ar\/intranet\/graduados\/wp-json\/wp\/v2\/users\/907"}],"replies":[{"embeddable":true,"href":"https:\/\/www.itba.edu.ar\/intranet\/graduados\/wp-json\/wp\/v2\/comments?post=65"}],"version-history":[{"count":13,"href":"https:\/\/www.itba.edu.ar\/intranet\/graduados\/wp-json\/wp\/v2\/pages\/65\/revisions"}],"predecessor-version":[{"id":5602,"href":"https:\/\/www.itba.edu.ar\/intranet\/graduados\/wp-json\/wp\/v2\/pages\/65\/revisions\/5602"}],"wp:featuredmedia":[{"embeddable":true,"href":"https:\/\/www.itba.edu.ar\/intranet\/graduados\/wp-json\/wp\/v2\/media\/5593"}],"wp:attachment":[{"href":"https:\/\/www.itba.edu.ar\/intranet\/graduados\/wp-json\/wp\/v2\/media?parent=65"}],"curies":[{"name":"wp","href":"https:\/\/api.w.org\/{rel}","templated":true}]}}