{"id":4023,"date":"2023-06-26T12:30:44","date_gmt":"2023-06-26T15:30:44","guid":{"rendered":"https:\/\/www.itba.edu.ar\/intranet\/desarrollohumano\/?page_id=4023"},"modified":"2024-01-29T16:33:07","modified_gmt":"2024-01-29T19:33:07","slug":"uso-de-calendar","status":"publish","type":"page","link":"https:\/\/www.itba.edu.ar\/intranet\/desarrollohumano\/uso-de-calendar\/","title":{"rendered":"Uso de calendar"},"content":{"rendered":"<p>[et_pb_section fb_built=\u00bb1&#8243; admin_label=\u00bbsection\u00bb _builder_version=\u00bb4.16&#8243; global_colors_info=\u00bb{}\u00bb][et_pb_row _builder_version=\u00bb4.23.4&#8243; _module_preset=\u00bbdefault\u00bb custom_margin=\u00bb|auto|-40px|auto||\u00bb global_colors_info=\u00bb{}\u00bb][et_pb_column type=\u00bb4_4&#8243; _builder_version=\u00bb4.23.4&#8243; _module_preset=\u00bbdefault\u00bb global_colors_info=\u00bb{}\u00bb][et_pb_text _builder_version=\u00bb4.23.4&#8243; _module_preset=\u00bbdefault\u00bb global_colors_info=\u00bb{}\u00bb]<\/p>\n<blockquote>\n<h1>Uso de calendar<\/h1>\n<\/blockquote>\n<p>[\/et_pb_text][\/et_pb_column][\/et_pb_row][et_pb_row admin_label=\u00bbrow\u00bb _builder_version=\u00bb4.16&#8243; background_size=\u00bbinitial\u00bb background_position=\u00bbtop_left\u00bb background_repeat=\u00bbrepeat\u00bb global_colors_info=\u00bb{}\u00bb][et_pb_column type=\u00bb4_4&#8243; _builder_version=\u00bb4.16&#8243; custom_padding=\u00bb|||\u00bb global_colors_info=\u00bb{}\u00bb custom_padding__hover=\u00bb|||\u00bb][et_pb_text admin_label=\u00bbText\u00bb _builder_version=\u00bb4.23.4&#8243; background_size=\u00bbinitial\u00bb background_position=\u00bbtop_left\u00bb background_repeat=\u00bbrepeat\u00bb hover_enabled=\u00bb0&#8243; global_colors_info=\u00bb{}\u00bb sticky_enabled=\u00bb0&#8243;]<\/p>\n<h3>Visibilidad<\/h3>\n<h4>Permit\u00ed que tu disponibilidad sea visible para otros:<\/h4>\n<p>&nbsp;<\/p>\n<ol>\n<li>Ingresa a la configuraci\u00f3n de calendar<\/li>\n<li>Hace clic en <em>eventos de gmail<\/em>, all\u00ed podr\u00e1s configurar la privacidad de la visibilidad (en el caso que sea privada, la disponibilidad se indicar\u00e1 como libre\/ocupado)<\/li>\n<\/ol>\n<p><img loading=\"lazy\" decoding=\"async\" class=\"wp-image-4026 aligncenter size-full\" src=\"https:\/\/intranet-nv.s3.amazonaws.com\/wp-content\/uploads\/sites\/25\/2023\/06\/disponibilidad-calendar.jpg\" alt=\"\" width=\"660\" height=\"542\" srcset=\"https:\/\/intranet-nv.s3.amazonaws.com\/wp-content\/uploads\/sites\/25\/2023\/06\/disponibilidad-calendar.jpg 660w, https:\/\/intranet-nv.s3.amazonaws.com\/wp-content\/uploads\/sites\/25\/2023\/06\/disponibilidad-calendar-480x394.jpg 480w\" sizes=\"(min-width: 0px) and (max-width: 480px) 480px, (min-width: 481px) 660px, 100vw\" \/><\/p>\n<p>&nbsp;<\/p>\n<h2><\/h2>\n<h2><\/h2>\n<h2><\/h2>\n<h3>Lugar de trabajo<\/h3>\n<p>\u00a0Dej\u00e1 como \u00abvisible\u00bb la ubicaci\u00f3n donde trabajar\u00e1s, podr\u00e1s hacerlo configurando tu horario y lugar de trabajo.<\/p>\n<ol>\n<li>Ingresa a la configuraci\u00f3n de calendar<\/li>\n<li>Hace clic en <em>horario laboral y ubicaci\u00f3n<\/em>, all\u00ed podr\u00e1s configurar d\u00eda, horario y lugar de trabajo.<\/li>\n<\/ol>\n<p>&nbsp;<\/p>\n<p><img loading=\"lazy\" decoding=\"async\" class=\"wp-image-4027 aligncenter size-full\" src=\"https:\/\/intranet-nv.s3.amazonaws.com\/wp-content\/uploads\/sites\/25\/2023\/06\/lugar-y-horario-de-trabajo-uso-calendar.png\" alt=\"\" width=\"1010\" height=\"435\" srcset=\"https:\/\/intranet-nv.s3.amazonaws.com\/wp-content\/uploads\/sites\/25\/2023\/06\/lugar-y-horario-de-trabajo-uso-calendar.png 1010w, https:\/\/intranet-nv.s3.amazonaws.com\/wp-content\/uploads\/sites\/25\/2023\/06\/lugar-y-horario-de-trabajo-uso-calendar-980x422.png 980w, https:\/\/intranet-nv.s3.amazonaws.com\/wp-content\/uploads\/sites\/25\/2023\/06\/lugar-y-horario-de-trabajo-uso-calendar-480x207.png 480w\" sizes=\"(min-width: 0px) and (max-width: 480px) 480px, (min-width: 481px) and (max-width: 980px) 980px, (min-width: 981px) 1010px, 100vw\" \/><\/p>\n<p>&nbsp;<\/p>\n<h5>Tambien podr\u00e1s modificar tu lugar de trabajo directamente desde calendar:<\/h5>\n<ol>\n<li>Hace clic sobre la fecha que quieras modificar y luego en el lapiz (editar)<\/li>\n<\/ol>\n<p>&nbsp;<\/p>\n<p><img loading=\"lazy\" decoding=\"async\" class=\"wp-image-4028 aligncenter size-full\" src=\"https:\/\/intranet-nv.s3.amazonaws.com\/wp-content\/uploads\/sites\/25\/2023\/06\/lugar-de-trabajo.png\" alt=\"\" width=\"598\" height=\"255\" srcset=\"https:\/\/intranet-nv.s3.amazonaws.com\/wp-content\/uploads\/sites\/25\/2023\/06\/lugar-de-trabajo.png 598w, https:\/\/intranet-nv.s3.amazonaws.com\/wp-content\/uploads\/sites\/25\/2023\/06\/lugar-de-trabajo-480x205.png 480w\" sizes=\"(min-width: 0px) and (max-width: 480px) 480px, (min-width: 481px) 598px, 100vw\" \/><\/p>\n<p>&nbsp;<\/p>\n<p>2. Eleg\u00ed la ubicaci\u00f3n seg\u00fan quieras modificarlo, las opciones que aparecer\u00e1n depender\u00e1n de lo configurado en <em>horario laboral y ubicaci\u00f3n<\/em>.<\/p>\n<p>&nbsp;<\/p>\n<p><img loading=\"lazy\" decoding=\"async\" class=\"wp-image-4031 aligncenter size-full\" src=\"https:\/\/intranet-nv.s3.amazonaws.com\/wp-content\/uploads\/sites\/25\/2023\/06\/iilugar-de-trabajo.png\" alt=\"\" width=\"454\" height=\"409\" srcset=\"https:\/\/intranet-nv.s3.amazonaws.com\/wp-content\/uploads\/sites\/25\/2023\/06\/iilugar-de-trabajo.png 454w, https:\/\/intranet-nv.s3.amazonaws.com\/wp-content\/uploads\/sites\/25\/2023\/06\/iilugar-de-trabajo-300x270.png 300w\" sizes=\"(max-width: 454px) 100vw, 454px\" \/><\/p>\n<p>&nbsp;<\/p>\n<h3><\/h3>\n<h3><\/h3>\n<h3><\/h3>\n<h3>Fuera de Oficina<\/h3>\n<h4>Si te vas de vacaciones o tomas alguna licencia, configur\u00e1 tu fuera de oficina, as\u00ed otras personas sabr\u00e1n si estas disponible.<\/h4>\n<ol>\n<li>Para hacerlo hacer clic en cualquier campo del calendar y se abrir\u00e1 la ventana para crear un nuevo evento.<\/li>\n<li>Seleccionar la opci\u00f3n <em>fuera de oficina\u00a0<\/em><\/li>\n<\/ol>\n<p><img loading=\"lazy\" decoding=\"async\" class=\"wp-image-4030 aligncenter size-full\" src=\"https:\/\/intranet-nv.s3.amazonaws.com\/wp-content\/uploads\/sites\/25\/2023\/06\/fuera-de-oficina-I.png\" alt=\"\" width=\"721\" height=\"248\" srcset=\"https:\/\/intranet-nv.s3.amazonaws.com\/wp-content\/uploads\/sites\/25\/2023\/06\/fuera-de-oficina-I.png 721w, https:\/\/intranet-nv.s3.amazonaws.com\/wp-content\/uploads\/sites\/25\/2023\/06\/fuera-de-oficina-I-480x165.png 480w\" sizes=\"(min-width: 0px) and (max-width: 480px) 480px, (min-width: 481px) 721px, 100vw\" \/><\/p>\n<p>3.\u00a0 Una vez seleccionada la opci\u00f3n <em>fuera de oficina<\/em>, configurar la fecha, hora y hacer clic en guardar.<\/p>\n<h3><\/h3>\n<p><img loading=\"lazy\" decoding=\"async\" class=\"wp-image-4029 aligncenter size-full\" src=\"https:\/\/intranet-nv.s3.amazonaws.com\/wp-content\/uploads\/sites\/25\/2023\/06\/fuera-de-oficina-uso-calendar.png\" alt=\"\" width=\"992\" height=\"515\" srcset=\"https:\/\/intranet-nv.s3.amazonaws.com\/wp-content\/uploads\/sites\/25\/2023\/06\/fuera-de-oficina-uso-calendar.png 992w, https:\/\/intranet-nv.s3.amazonaws.com\/wp-content\/uploads\/sites\/25\/2023\/06\/fuera-de-oficina-uso-calendar-980x509.png 980w, https:\/\/intranet-nv.s3.amazonaws.com\/wp-content\/uploads\/sites\/25\/2023\/06\/fuera-de-oficina-uso-calendar-480x249.png 480w\" sizes=\"(min-width: 0px) and (max-width: 480px) 480px, (min-width: 481px) and (max-width: 980px) 980px, (min-width: 981px) 992px, 100vw\" \/><\/p>\n<p>&nbsp;<\/p>\n<h4>Ante cualquier duda relacionada a la configuraci\u00f3n del calendar contactar a ayudati@itba.edu.ar<\/h4>\n<p>[\/et_pb_text][\/et_pb_column][\/et_pb_row][\/et_pb_section]<\/p>\n","protected":false},"excerpt":{"rendered":"<p>Uso de calendar Visibilidad Permit\u00ed que tu disponibilidad sea visible para otros: &nbsp; Ingresa a la configuraci\u00f3n de calendar Hace clic en eventos de gmail, all\u00ed podr\u00e1s configurar la privacidad de la visibilidad (en el caso que sea privada, la disponibilidad se indicar\u00e1 como libre\/ocupado) &nbsp; Lugar de trabajo \u00a0Dej\u00e1 como \u00abvisible\u00bb la ubicaci\u00f3n donde [&hellip;]<\/p>\n","protected":false},"author":4035,"featured_media":0,"parent":0,"menu_order":0,"comment_status":"closed","ping_status":"closed","template":"","meta":{"_et_pb_use_builder":"on","_et_pb_old_content":"","_et_gb_content_width":"","footnotes":""},"class_list":["post-4023","page","type-page","status-publish","hentry"],"_links":{"self":[{"href":"https:\/\/www.itba.edu.ar\/intranet\/desarrollohumano\/wp-json\/wp\/v2\/pages\/4023","targetHints":{"allow":["GET"]}}],"collection":[{"href":"https:\/\/www.itba.edu.ar\/intranet\/desarrollohumano\/wp-json\/wp\/v2\/pages"}],"about":[{"href":"https:\/\/www.itba.edu.ar\/intranet\/desarrollohumano\/wp-json\/wp\/v2\/types\/page"}],"author":[{"embeddable":true,"href":"https:\/\/www.itba.edu.ar\/intranet\/desarrollohumano\/wp-json\/wp\/v2\/users\/4035"}],"replies":[{"embeddable":true,"href":"https:\/\/www.itba.edu.ar\/intranet\/desarrollohumano\/wp-json\/wp\/v2\/comments?post=4023"}],"version-history":[{"count":6,"href":"https:\/\/www.itba.edu.ar\/intranet\/desarrollohumano\/wp-json\/wp\/v2\/pages\/4023\/revisions"}],"predecessor-version":[{"id":4723,"href":"https:\/\/www.itba.edu.ar\/intranet\/desarrollohumano\/wp-json\/wp\/v2\/pages\/4023\/revisions\/4723"}],"wp:attachment":[{"href":"https:\/\/www.itba.edu.ar\/intranet\/desarrollohumano\/wp-json\/wp\/v2\/media?parent=4023"}],"curies":[{"name":"wp","href":"https:\/\/api.w.org\/{rel}","templated":true}]}}

<p>[et_pb_section fb_built=»1&#8243; admin_label=»section» _builder_version=»4.16&#8243; global_colors_info=»{}»][et_pb_row _builder_version=»4.23.4&#8243; _module_preset=»default» custom_margin=»|auto|-40px|auto||» global_colors_info=»{}»][et_pb_column type=»4_4&#8243; _builder_version=»4.23.4&#8243; _module_preset=»default» global_colors_info=»{}»][et_pb_text _builder_version=»4.23.4&#8243; _module_preset=»default» global_colors_info=»{}»]</p>
<blockquote>
<h1>Uso de calendar</h1>
</blockquote>
<p>[/et_pb_text][/et_pb_column][/et_pb_row][et_pb_row admin_label=»row» _builder_version=»4.16&#8243; background_size=»initial» background_position=»top_left» background_repeat=»repeat» global_colors_info=»{}»][et_pb_column type=»4_4&#8243; _builder_version=»4.16&#8243; custom_padding=»|||» global_colors_info=»{}» custom_padding__hover=»|||»][et_pb_text admin_label=»Text» _builder_version=»4.23.4&#8243; background_size=»initial» background_position=»top_left» background_repeat=»repeat» hover_enabled=»0&#8243; global_colors_info=»{}» sticky_enabled=»0&#8243;]</p>
<h3>Visibilidad</h3>
<h4>Permití que tu disponibilidad sea visible para otros:</h4>
<p>&nbsp;</p>
<ol>
<li>Ingresa a la configuración de calendar</li>
<li>Hace clic en <em>eventos de gmail</em>, allí podrás configurar la privacidad de la visibilidad (en el caso que sea privada, la disponibilidad se indicará como libre/ocupado)</li>
</ol>
<p><img loading="lazy" decoding="async" class="wp-image-4026 aligncenter size-full" src="https://intranet-nv.s3.amazonaws.com/wp-content/uploads/sites/25/2023/06/disponibilidad-calendar.jpg" alt="" width="660" height="542" srcset="https://intranet-nv.s3.amazonaws.com/wp-content/uploads/sites/25/2023/06/disponibilidad-calendar.jpg 660w, https://intranet-nv.s3.amazonaws.com/wp-content/uploads/sites/25/2023/06/disponibilidad-calendar-480x394.jpg 480w" sizes="(min-width: 0px) and (max-width: 480px) 480px, (min-width: 481px) 660px, 100vw" /></p>
<p>&nbsp;</p>
<h2></h2>
<h2></h2>
<h2></h2>
<h3>Lugar de trabajo</h3>
<p> Dejá como «visible» la ubicación donde trabajarás, podrás hacerlo configurando tu horario y lugar de trabajo.</p>
<ol>
<li>Ingresa a la configuración de calendar</li>
<li>Hace clic en <em>horario laboral y ubicación</em>, allí podrás configurar día, horario y lugar de trabajo.</li>
</ol>
<p>&nbsp;</p>
<p><img loading="lazy" decoding="async" class="wp-image-4027 aligncenter size-full" src="https://intranet-nv.s3.amazonaws.com/wp-content/uploads/sites/25/2023/06/lugar-y-horario-de-trabajo-uso-calendar.png" alt="" width="1010" height="435" srcset="https://intranet-nv.s3.amazonaws.com/wp-content/uploads/sites/25/2023/06/lugar-y-horario-de-trabajo-uso-calendar.png 1010w, https://intranet-nv.s3.amazonaws.com/wp-content/uploads/sites/25/2023/06/lugar-y-horario-de-trabajo-uso-calendar-980x422.png 980w, https://intranet-nv.s3.amazonaws.com/wp-content/uploads/sites/25/2023/06/lugar-y-horario-de-trabajo-uso-calendar-480x207.png 480w" sizes="(min-width: 0px) and (max-width: 480px) 480px, (min-width: 481px) and (max-width: 980px) 980px, (min-width: 981px) 1010px, 100vw" /></p>
<p>&nbsp;</p>
<h5>Tambien podrás modificar tu lugar de trabajo directamente desde calendar:</h5>
<ol>
<li>Hace clic sobre la fecha que quieras modificar y luego en el lapiz (editar)</li>
</ol>
<p>&nbsp;</p>
<p><img loading="lazy" decoding="async" class="wp-image-4028 aligncenter size-full" src="https://intranet-nv.s3.amazonaws.com/wp-content/uploads/sites/25/2023/06/lugar-de-trabajo.png" alt="" width="598" height="255" srcset="https://intranet-nv.s3.amazonaws.com/wp-content/uploads/sites/25/2023/06/lugar-de-trabajo.png 598w, https://intranet-nv.s3.amazonaws.com/wp-content/uploads/sites/25/2023/06/lugar-de-trabajo-480x205.png 480w" sizes="(min-width: 0px) and (max-width: 480px) 480px, (min-width: 481px) 598px, 100vw" /></p>
<p>&nbsp;</p>
<p>2. Elegí la ubicación según quieras modificarlo, las opciones que aparecerán dependerán de lo configurado en <em>horario laboral y ubicación</em>.</p>
<p>&nbsp;</p>
<p><img loading="lazy" decoding="async" class="wp-image-4031 aligncenter size-full" src="https://intranet-nv.s3.amazonaws.com/wp-content/uploads/sites/25/2023/06/iilugar-de-trabajo.png" alt="" width="454" height="409" srcset="https://intranet-nv.s3.amazonaws.com/wp-content/uploads/sites/25/2023/06/iilugar-de-trabajo.png 454w, https://intranet-nv.s3.amazonaws.com/wp-content/uploads/sites/25/2023/06/iilugar-de-trabajo-300x270.png 300w" sizes="(max-width: 454px) 100vw, 454px" /></p>
<p>&nbsp;</p>
<h3></h3>
<h3></h3>
<h3></h3>
<h3>Fuera de Oficina</h3>
<h4>Si te vas de vacaciones o tomas alguna licencia, configurá tu fuera de oficina, así otras personas sabrán si estas disponible.</h4>
<ol>
<li>Para hacerlo hacer clic en cualquier campo del calendar y se abrirá la ventana para crear un nuevo evento.</li>
<li>Seleccionar la opción <em>fuera de oficina </em></li>
</ol>
<p><img loading="lazy" decoding="async" class="wp-image-4030 aligncenter size-full" src="https://intranet-nv.s3.amazonaws.com/wp-content/uploads/sites/25/2023/06/fuera-de-oficina-I.png" alt="" width="721" height="248" srcset="https://intranet-nv.s3.amazonaws.com/wp-content/uploads/sites/25/2023/06/fuera-de-oficina-I.png 721w, https://intranet-nv.s3.amazonaws.com/wp-content/uploads/sites/25/2023/06/fuera-de-oficina-I-480x165.png 480w" sizes="(min-width: 0px) and (max-width: 480px) 480px, (min-width: 481px) 721px, 100vw" /></p>
<p>3.  Una vez seleccionada la opción <em>fuera de oficina</em>, configurar la fecha, hora y hacer clic en guardar.</p>
<h3></h3>
<p><img loading="lazy" decoding="async" class="wp-image-4029 aligncenter size-full" src="https://intranet-nv.s3.amazonaws.com/wp-content/uploads/sites/25/2023/06/fuera-de-oficina-uso-calendar.png" alt="" width="992" height="515" srcset="https://intranet-nv.s3.amazonaws.com/wp-content/uploads/sites/25/2023/06/fuera-de-oficina-uso-calendar.png 992w, https://intranet-nv.s3.amazonaws.com/wp-content/uploads/sites/25/2023/06/fuera-de-oficina-uso-calendar-980x509.png 980w, https://intranet-nv.s3.amazonaws.com/wp-content/uploads/sites/25/2023/06/fuera-de-oficina-uso-calendar-480x249.png 480w" sizes="(min-width: 0px) and (max-width: 480px) 480px, (min-width: 481px) and (max-width: 980px) 980px, (min-width: 981px) 992px, 100vw" /></p>
<p>&nbsp;</p>
<h4>Ante cualquier duda relacionada a la configuración del calendar contactar a ayudati@itba.edu.ar</h4>
<p>[/et_pb_text][/et_pb_column][/et_pb_row][/et_pb_section]</p>

<p>Uso de calendar Visibilidad Permití que tu disponibilidad sea visible para otros: &nbsp; Ingresa a la configuración de calendar Hace clic en eventos de gmail, allí podrás configurar la privacidad de la visibilidad (en el caso que sea privada, la disponibilidad se indicará como libre/ocupado) &nbsp; Lugar de trabajo  Dejá como «visible» la ubicación donde [&hellip;]</p>
