{"id":167,"date":"2020-10-05T13:47:15","date_gmt":"2020-10-05T13:47:15","guid":{"rendered":"https:\/\/www.itba.edu.ar\/intranet\/biblioteca\/?page_id=167"},"modified":"2026-01-26T13:14:13","modified_gmt":"2026-01-26T13:14:13","slug":"bases-de-datos","status":"publish","type":"page","link":"https:\/\/www.itba.edu.ar\/intranet\/biblioteca\/bases-de-datos\/","title":{"rendered":"Bases de datos"},"content":{"rendered":"<p>[et_pb_section fb_built=\u00bb1&#8243; admin_label=\u00bbHero Section\u00bb _builder_version=\u00bb4.16&#8243; use_background_color_gradient=\u00bbon\u00bb background_color_gradient_direction=\u00bb105deg\u00bb background_color_gradient_stops=\u00bb#1bb3eb 0%|#25efcb 100%\u00bb background_color_gradient_start=\u00bb#1bb3eb\u00bb background_color_gradient_end=\u00bb#25efcb\u00bb min_height=\u00bb272.9px\u00bb custom_padding=\u00bb40px|0px|7px|0px||\u00bb global_colors_info=\u00bb{}\u00bb][et_pb_row column_structure=\u00bb2_3,1_3&#8243; _builder_version=\u00bb4.16&#8243; background_size=\u00bbinitial\u00bb background_position=\u00bbtop_left\u00bb background_repeat=\u00bbrepeat\u00bb global_colors_info=\u00bb{}\u00bb][et_pb_column type=\u00bb2_3&#8243; _builder_version=\u00bb4.16&#8243; custom_padding=\u00bb|||\u00bb global_colors_info=\u00bb{}\u00bb custom_padding__hover=\u00bb|||\u00bb][et_pb_text admin_label=\u00bbTexto\u00bb _builder_version=\u00bb4.27.4&#8243; text_font=\u00bbPoppins||||||||\u00bb text_text_color=\u00bb#FFFFFF\u00bb text_font_size=\u00bb18px\u00bb text_line_height=\u00bb1.8em\u00bb header_font=\u00bbPoppins|600|||||||\u00bb header_text_color=\u00bb#ffffff\u00bb header_font_size=\u00bb48px\u00bb header_line_height=\u00bb1.4em\u00bb header_3_font=\u00bbPoppins|600|||||||\u00bb header_3_font_size=\u00bb36px\u00bb header_3_line_height=\u00bb1.4em\u00bb background_layout=\u00bbdark\u00bb max_width=\u00bb710px\u00bb module_alignment=\u00bbleft\u00bb custom_margin=\u00bb|||\u00bb custom_padding=\u00bb||0px|||\u00bb locked=\u00bboff\u00bb global_colors_info=\u00bb{}\u00bb]<\/p>\n<h1><span style=\"font-size: xx-large\">Bases de datos<\/span><\/h1>\n<p style=\"text-align: justify\">Acced\u00e9 a fuentes de informaci\u00f3n con documentos de las m\u00e1s variadas tem\u00e1ticas, en texto completo o referenciales, nacionales e internacionales.<\/p>\n<p>[\/et_pb_text][\/et_pb_column][et_pb_column type=\u00bb1_3&#8243; _builder_version=\u00bb4.16&#8243; custom_padding=\u00bb|||\u00bb global_colors_info=\u00bb{}\u00bb custom_padding__hover=\u00bb|||\u00bb][et_pb_testimonial quote_icon_color=\u00bb#0c71c3&#8243; font_icon=\u00bb&#xe00a;||divi||400&#8243; _builder_version=\u00bb4.27.4&#8243; _module_preset=\u00bbdefault\u00bb author_text_align=\u00bbcenter\u00bb author_text_color=\u00bb#00208a\u00bb body_ol_text_align=\u00bbcenter\u00bb body_ol_font_size=\u00bb11px\u00bb background_color=\u00bb#ffffff\u00bb text_orientation=\u00bbcenter\u00bb width=\u00bb100%\u00bb custom_padding=\u00bb12px||9px|||\u00bb animation_style=\u00bbbounce\u00bb animation_duration=\u00bb1650ms\u00bb link_option_url_new_window=\u00bbon\u00bb box_shadow_style=\u00bbpreset4&#8243; global_colors_info=\u00bb{}\u00bb]<\/p>\n<h6 style=\"text-align: center\"><\/h6>\n<h6 style=\"text-align: center\"><a href=\"https:\/\/drive.google.com\/file\/d\/10NLn-6JjvmAliEpySQI7nLYdSfXaSvPh\/view?usp=sharing\"><span style=\"color: #333399;font-size: small\"><b>Mir\u00e1 c\u00f3mo acceder a las bases de datos desde Workpace<\/b><\/span><\/a><\/h6>\n<p>[\/et_pb_testimonial][\/et_pb_column][\/et_pb_row][\/et_pb_section][et_pb_section fb_built=\u00bb1&#8243; admin_label=\u00bbClasses Section\u00bb _builder_version=\u00bb4.16&#8243; background_color=\u00bb#fafbfc\u00bb custom_padding=\u00bb53px|0px|110px|0px|false|false\u00bb global_colors_info=\u00bb{}\u00bb][et_pb_row column_structure=\u00bb1_4,3_4&#8243; admin_label=\u00bbClass\u00bb _builder_version=\u00bb4.27.4&#8243; background_color=\u00bb#ffffff\u00bb custom_margin=\u00bb|auto|49px|auto||\u00bb custom_padding=\u00bb|40px||40px\u00bb animation_style=\u00bbfade\u00bb hover_enabled=\u00bb0&#8243; border_radii=\u00bbon|6px|6px|6px|6px\u00bb box_shadow_style=\u00bbpreset4&#8243; box_shadow_color=\u00bbrgba(0,0,0,0.06)\u00bb global_colors_info=\u00bb{}\u00bb link_option_url=\u00bbhttps:\/\/www.statista.com\/sso\/login?connection=instituto-tecnologico-de-buenos-aires\u00bb sticky_enabled=\u00bb0&#8243;][et_pb_column type=\u00bb1_4&#8243; _builder_version=\u00bb4.16&#8243; custom_padding=\u00bb|||\u00bb global_colors_info=\u00bb{}\u00bb custom_padding__hover=\u00bb|||\u00bb][et_pb_image src=\u00bbhttps:\/\/intranet-nv.s3.amazonaws.com\/wp-content\/uploads\/sites\/22\/2020\/10\/statista_logo.png\u00bb url=\u00bbhttps:\/\/www.statista.com\/sso\/login?connection=instituto-tecnologico-de-buenos-aires\u00bb url_new_window=\u00bbon\u00bb _builder_version=\u00bb4.27.4&#8243; _module_preset=\u00bbdefault\u00bb hover_enabled=\u00bb0&#8243; global_colors_info=\u00bb{}\u00bb sticky_enabled=\u00bb0&#8243;][\/et_pb_image][\/et_pb_column][et_pb_column type=\u00bb3_4&#8243; _builder_version=\u00bb4.16&#8243; custom_padding=\u00bb|||\u00bb global_colors_info=\u00bb{}\u00bb custom_padding__hover=\u00bb|||\u00bb][et_pb_text _builder_version=\u00bb4.27.4&#8243; text_font=\u00bbOpen Sans||||||||\u00bb text_text_color=\u00bb#486066&#8243; text_font_size=\u00bb15px\u00bb text_line_height=\u00bb1.8em\u00bb header_font=\u00bb||||||||\u00bb header_3_font=\u00bbPoppins|600|||||||\u00bb header_3_text_color=\u00bb#486066&#8243; header_3_font_size=\u00bb18px\u00bb header_3_line_height=\u00bb1.4em\u00bb min_height=\u00bb137px\u00bb custom_padding=\u00bb0px|||||\u00bb hover_enabled=\u00bb0&#8243; locked=\u00bboff\u00bb global_colors_info=\u00bb{}\u00bb sticky_enabled=\u00bb0&#8243;]<\/p>\n<h3><span style=\"color: #3366ff\"><a style=\"color: #3366ff\" href=\"https:\/\/es.statista.com\/\">Statista<\/a><\/span><\/h3>\n<p style=\"text-align: justify\">Portal de estad\u00edsticas mundiales donde podr\u00e1s acceder a informaci\u00f3n de estudios de mercado en encuestas, dossiers tem\u00e1ticos, outlooks e infograf\u00edas editables de fuentes en continua actualizaci\u00f3n.<br \/>Acceso directo desde la red ITBA &#8211; Acceso remoto <a href=\"https:\/\/itbacloud.cloud.com\/Citrix\/StoreWeb\/#\/login\">a trav\u00e9s de WorkSpace.<\/a><\/p>\n<p>&nbsp;<\/p>\n<p>&nbsp;<\/p>\n<p>[\/et_pb_text][\/et_pb_column][\/et_pb_row][et_pb_row column_structure=\u00bb1_4,3_4&#8243; admin_label=\u00bbClass\u00bb _builder_version=\u00bb4.27.4&#8243; background_color=\u00bb#ffffff\u00bb custom_margin=\u00bb|auto|49px|auto||\u00bb custom_padding=\u00bb|40px||40px\u00bb animation_style=\u00bbfade\u00bb border_radii=\u00bbon|6px|6px|6px|6px\u00bb box_shadow_style=\u00bbpreset4&#8243; box_shadow_color=\u00bbrgba(0,0,0,0.06)\u00bb global_colors_info=\u00bb{}\u00bb][et_pb_column type=\u00bb1_4&#8243; _builder_version=\u00bb4.16&#8243; custom_padding=\u00bb|||\u00bb global_colors_info=\u00bb{}\u00bb custom_padding__hover=\u00bb|||\u00bb][et_pb_image src=\u00bbhttps:\/\/intranet-nv.s3.amazonaws.com\/wp-content\/uploads\/sites\/22\/2025\/10\/d90269f0dcb843339a8dafccb7ec20b1.jpeg\u00bb title_text=\u00bbd90269f0dcb843339a8dafccb7ec20b1&#8243; _builder_version=\u00bb4.27.4&#8243; _module_preset=\u00bbdefault\u00bb global_colors_info=\u00bb{}\u00bb][\/et_pb_image][\/et_pb_column][et_pb_column type=\u00bb3_4&#8243; _builder_version=\u00bb4.16&#8243; custom_padding=\u00bb|||\u00bb global_colors_info=\u00bb{}\u00bb custom_padding__hover=\u00bb|||\u00bb][et_pb_text _builder_version=\u00bb4.27.4&#8243; text_font=\u00bbOpen Sans||||||||\u00bb text_text_color=\u00bb#486066&#8243; text_font_size=\u00bb15px\u00bb text_line_height=\u00bb1.8em\u00bb header_font=\u00bb||||||||\u00bb header_3_font=\u00bbPoppins|600|||||||\u00bb header_3_text_color=\u00bb#486066&#8243; header_3_font_size=\u00bb18px\u00bb header_3_line_height=\u00bb1.4em\u00bb min_height=\u00bb137px\u00bb custom_padding=\u00bb0px|||||\u00bb locked=\u00bboff\u00bb global_colors_info=\u00bb{}\u00bb]<\/p>\n<h3><span style=\"color: #3366ff\">TradingView<\/span><\/h3>\n<p>En el ITBA firmamos un acuerdo con TradingView, la plataforma de an\u00e1lisis financiero y educaci\u00f3n burs\u00e1til l\u00edder en el mercado. Este acuerdo ayudar\u00e1 a la comunidad ITBA a acercarse al mundo financiero de forma pr\u00e1ctica.<\/p>\n<p>TradingView es una herramienta con fines educativos que ofrece gr\u00e1ficos en tiempo real, datos de mercado globales y herramientas como el <a href=\"https:\/\/es.tradingview.com\/screener\/\">analizador de acciones<\/a>, que permite filtrar y evaluar empresas seg\u00fan distintos criterios. Ideal para docentes, investigadores y estudiantes que buscan explorar los mercados financieros con una herramienta profesional y accesible.<\/p>\n<p>\u00a0Solicitanos un acceso a biblio@itba.edu.ar<\/p>\n<p>&nbsp;<\/p>\n<p>&nbsp;<\/p>\n<p>[\/et_pb_text][\/et_pb_column][\/et_pb_row][et_pb_row column_structure=\u00bb1_4,3_4&#8243; admin_label=\u00bbClass\u00bb _builder_version=\u00bb4.16&#8243; background_color=\u00bb#ffffff\u00bb custom_margin=\u00bb||60px|\u00bb custom_padding=\u00bb|40px||40px\u00bb animation_style=\u00bbfade\u00bb border_radii=\u00bbon|6px|6px|6px|6px\u00bb box_shadow_style=\u00bbpreset4&#8243; box_shadow_color=\u00bbrgba(0,0,0,0.06)\u00bb global_colors_info=\u00bb{}\u00bb][et_pb_column type=\u00bb1_4&#8243; _builder_version=\u00bb4.16&#8243; custom_padding=\u00bb|||\u00bb global_colors_info=\u00bb{}\u00bb custom_padding__hover=\u00bb|||\u00bb][et_pb_image src=\u00bbhttps:\/\/intranet-nv.s3.amazonaws.com\/wp-content\/uploads\/sites\/22\/2020\/10\/ONEPETRO_LOGO.jpg\u00bb url=\u00bbhttps:\/\/www.onepetro.org\/\u00bb url_new_window=\u00bbon\u00bb _builder_version=\u00bb4.16&#8243; _module_preset=\u00bbdefault\u00bb custom_padding=\u00bb||0px|||\u00bb border_width_all=\u00bb2px\u00bb border_color_all=\u00bb#d6d6d6&#8243; global_colors_info=\u00bb{}\u00bb][\/et_pb_image][\/et_pb_column][et_pb_column type=\u00bb3_4&#8243; _builder_version=\u00bb4.16&#8243; custom_padding=\u00bb|||\u00bb global_colors_info=\u00bb{}\u00bb custom_padding__hover=\u00bb|||\u00bb][et_pb_text _builder_version=\u00bb4.16&#8243; text_font=\u00bbOpen Sans||||||||\u00bb text_text_color=\u00bb#486066&#8243; text_font_size=\u00bb15px\u00bb text_line_height=\u00bb1.8em\u00bb header_font=\u00bb||||||||\u00bb header_3_font=\u00bbPoppins|600|||||||\u00bb header_3_text_color=\u00bb#486066&#8243; header_3_font_size=\u00bb18px\u00bb header_3_line_height=\u00bb1.4em\u00bb custom_padding=\u00bb0px|||||\u00bb locked=\u00bboff\u00bb global_colors_info=\u00bb{}\u00bb]<\/p>\n<h3><span style=\"color: #3366ff\"><a style=\"color: #3366ff\" href=\"https:\/\/www.onepetro.org\/\">OnePetro<\/a><\/span><\/h3>\n<p style=\"text-align: justify\">Es una biblioteca en l\u00ednea de literatura t\u00e9cnica con informaci\u00f3n sobre la industria de exploraci\u00f3n y producci\u00f3n de petr\u00f3leo y gas.\u00a0<br \/>Acceso directo desde la red ITBA &#8211; Acceso remoto <a href=\"https:\/\/itbacloud.cloud.com\/Citrix\/StoreWeb\/#\/login\">a trav\u00e9s de WorkSpace.<\/a><\/p>\n<p>&nbsp;<\/p>\n<p>&nbsp;<\/p>\n<p>[\/et_pb_text][\/et_pb_column][\/et_pb_row][et_pb_row admin_label=\u00bbClass\u00bb _builder_version=\u00bb4.16&#8243; background_color=\u00bb#ffffff\u00bb custom_margin=\u00bb||60px|\u00bb custom_padding=\u00bb|40px||40px\u00bb animation_style=\u00bbfade\u00bb border_radii=\u00bbon|6px|6px|6px|6px\u00bb box_shadow_style=\u00bbpreset4&#8243; box_shadow_color=\u00bbrgba(0,0,0,0.06)\u00bb global_colors_info=\u00bb{}\u00bb][et_pb_column type=\u00bb4_4&#8243; _builder_version=\u00bb4.16&#8243; custom_padding=\u00bb|||\u00bb global_colors_info=\u00bb{}\u00bb custom_padding__hover=\u00bb|||\u00bb][et_pb_text _builder_version=\u00bb4.27.4&#8243; text_font=\u00bbOpen Sans||||||||\u00bb text_text_color=\u00bb#486066&#8243; text_font_size=\u00bb15px\u00bb text_line_height=\u00bb1.8em\u00bb header_font=\u00bb||||||||\u00bb header_3_font=\u00bbPoppins|600|||||||\u00bb header_3_text_color=\u00bb#486066&#8243; header_3_font_size=\u00bb18px\u00bb header_3_line_height=\u00bb1.4em\u00bb custom_padding=\u00bb0px|||2px||\u00bb locked=\u00bboff\u00bb global_colors_info=\u00bb{}\u00bb]<\/p>\n<h3><span style=\"color: #3366ff\">B\u00fasqueda personalizada de recursos acad\u00e9micos<\/span><\/h3>\n<p style=\"text-align: justify\"><span>Si busc\u00e1s un art\u00edculo, libro u otro recurso acad\u00e9mico, pod\u00e9s enviarnos un mail con los siguientes datos: <\/span><\/p>\n<ul>\n<li style=\"text-align: justify\"><span>T\u00edtulo,<\/span><\/li>\n<li style=\"text-align: justify\"><span>Autor\/es,<\/span><\/li>\n<li style=\"text-align: justify\"><span>ISBN (si es libro) o,<\/span><\/li>\n<li style=\"text-align: justify\"><span>si es art\u00edculo, el DOI\/link al art\u00edculo pago.<\/span><\/li>\n<\/ul>\n<p style=\"text-align: justify\"><span>Realiz\u00e1 tus pedidos de documentos al mail <strong><a href=\"mailto:biblio@itba.edu.ar\">biblio@itba.edu.ar<\/a><\/strong><\/span><\/p>\n<p style=\"text-align: justify\"><span><strong>Si sos alumno de otra universidad, investigador o docente afiliado, tambi\u00e9n pod\u00e9s escribirnos para pedirnos recursos acad\u00e9micos.<\/strong><\/span><\/p>\n<p>&nbsp;<\/p>\n<p><span><\/span><\/p>\n<p>[\/et_pb_text][\/et_pb_column][\/et_pb_row][\/et_pb_section]<\/p>\n","protected":false},"excerpt":{"rendered":"<p>Bases de datos Acced\u00e9 a fuentes de informaci\u00f3n con documentos de las m\u00e1s variadas tem\u00e1ticas, en texto completo o referenciales, nacionales e internacionales. Mir\u00e1 c\u00f3mo acceder a las bases de datos desde WorkpaceStatista Portal de estad\u00edsticas mundiales donde podr\u00e1s acceder a informaci\u00f3n de estudios de mercado en encuestas, dossiers tem\u00e1ticos, outlooks e infograf\u00edas editables de [&hellip;]<\/p>\n","protected":false},"author":120,"featured_media":0,"parent":0,"menu_order":0,"comment_status":"closed","ping_status":"closed","template":"","meta":{"_et_pb_use_builder":"on","_et_pb_old_content":"<a href=\"https:\/\/www.onepetro.org\/\">One Petro<\/a>\u00a0(acceso a trav\u00e9s de Workspace)\r\n\r\n<a href=\"https:\/\/es.statista.com\/\" target=\"_blank\" rel=\"noreferrer noopener\">Statista<\/a>\u00a0(acceso a trav\u00e9s de Workspace)\r\n\r\n<a href=\"https:\/\/www.biblioteca.mincyt.gob.ar\/\">Biblioteca Electr\u00f3nica de Ciencia y Tecnolog\u00eda <\/a>(enviar solicitudes a biblio@itba.edu.ar)\r\n<div class=\"wp-menu-arrow\"><\/div>","_et_gb_content_width":"","footnotes":""},"class_list":["post-167","page","type-page","status-publish","hentry"],"_links":{"self":[{"href":"https:\/\/www.itba.edu.ar\/intranet\/biblioteca\/wp-json\/wp\/v2\/pages\/167","targetHints":{"allow":["GET"]}}],"collection":[{"href":"https:\/\/www.itba.edu.ar\/intranet\/biblioteca\/wp-json\/wp\/v2\/pages"}],"about":[{"href":"https:\/\/www.itba.edu.ar\/intranet\/biblioteca\/wp-json\/wp\/v2\/types\/page"}],"author":[{"embeddable":true,"href":"https:\/\/www.itba.edu.ar\/intranet\/biblioteca\/wp-json\/wp\/v2\/users\/120"}],"replies":[{"embeddable":true,"href":"https:\/\/www.itba.edu.ar\/intranet\/biblioteca\/wp-json\/wp\/v2\/comments?post=167"}],"version-history":[{"count":69,"href":"https:\/\/www.itba.edu.ar\/intranet\/biblioteca\/wp-json\/wp\/v2\/pages\/167\/revisions"}],"predecessor-version":[{"id":3531,"href":"https:\/\/www.itba.edu.ar\/intranet\/biblioteca\/wp-json\/wp\/v2\/pages\/167\/revisions\/3531"}],"wp:attachment":[{"href":"https:\/\/www.itba.edu.ar\/intranet\/biblioteca\/wp-json\/wp\/v2\/media?parent=167"}],"curies":[{"name":"wp","href":"https:\/\/api.w.org\/{rel}","templated":true}]}}