{"id":56,"date":"2021-03-10T12:50:25","date_gmt":"2021-03-10T12:50:25","guid":{"rendered":"https:\/\/www.itba.edu.ar\/centros\/?page_id=56"},"modified":"2021-03-26T19:26:14","modified_gmt":"2021-03-26T19:26:14","slug":"inicio","status":"publish","type":"page","link":"https:\/\/www.itba.edu.ar\/centros\/","title":{"rendered":"Inicio"},"content":{"rendered":"<p>[et_pb_section fb_built=\u00bb1&#8243; _builder_version=\u00bb4.7.7&#8243; _module_preset=\u00bbdefault\u00bb][et_pb_row _builder_version=\u00bb4.9.2&#8243; _module_preset=\u00bbdefault\u00bb][et_pb_column type=\u00bb4_4&#8243; _builder_version=\u00bb4.9.2&#8243; _module_preset=\u00bbdefault\u00bb][et_pb_text _builder_version=\u00bb4.9.2&#8243; _module_preset=\u00bbdefault\u00bb text_font=\u00bbDosis|500||on|||||\u00bb text_letter_spacing=\u00bb6px\u00bb custom_padding=\u00bb||0px|||\u00bb]<\/p>\n<h1><span style=\"color: #333333\">Centros de Investigaci\u00f3n<\/span><\/h1>\n<p>[\/et_pb_text][et_pb_text _builder_version=\u00bb4.9.2&#8243; _module_preset=\u00bbdefault\u00bb text_font=\u00bbOpen Sans||||||||\u00bb text_font_size=\u00bb16px\u00bb]<\/p>\n<p><span style=\"font-weight: 400\">En el ITBA desarrollamos investigaci\u00f3n de calidad. A trav\u00e9s de 12 centros de investigaci\u00f3n que<\/span><span style=\"font-weight: 400\"> re\u00fanen a expertos de todas las disciplinas impulsamos proyectos que buscan solucionar los problemas que la humanidad necesita resolver.<\/span><\/p>\n<p><span style=\"font-weight: 400\"><\/span><\/p>\n<p>[\/et_pb_text][\/et_pb_column][\/et_pb_row][et_pb_row column_structure=\u00bb1_3,1_3,1_3&#8243; _builder_version=\u00bb4.7.7&#8243; _module_preset=\u00bbdefault\u00bb][et_pb_column type=\u00bb1_3&#8243; _builder_version=\u00bb4.7.7&#8243; _module_preset=\u00bbdefault\u00bb][et_pb_image src=\u00bbhttps:\/\/centros-investigacion-nv.s3.amazonaws.com\/wp-content\/uploads\/2021\/03\/CEDEMEI.jpg\u00bb title_text=\u00bbCEDEMEI\u00bb url=\u00bbhttps:\/\/www.itba.edu.ar\/centros\/cedemei\/\u00bb use_overlay=\u00bbon\u00bb overlay_icon_color=\u00bb#007FE0&#8243; hover_icon=\u00bb%%200%%\u00bb _builder_version=\u00bb4.9.2&#8243; _module_preset=\u00bbdefault\u00bb global_colors_info=\u00bb{%22gcid-a9bf8a5e-994f-4341-b793-a09e7f21d949%22:%91%93}\u00bb][\/et_pb_image][\/et_pb_column][et_pb_column type=\u00bb1_3&#8243; _builder_version=\u00bb4.7.7&#8243; _module_preset=\u00bbdefault\u00bb][et_pb_image src=\u00bbhttps:\/\/centros-investigacion-nv.s3.amazonaws.com\/wp-content\/uploads\/2021\/03\/CDO.jpg\u00bb title_text=\u00bbCDO\u00bb url=\u00bbhttps:\/\/www.itba.edu.ar\/centros\/cdo\/\u00bb use_overlay=\u00bbon\u00bb _builder_version=\u00bb4.9.2&#8243; _module_preset=\u00bbdefault\u00bb][\/et_pb_image][\/et_pb_column][et_pb_column type=\u00bb1_3&#8243; _builder_version=\u00bb4.7.7&#8243; _module_preset=\u00bbdefault\u00bb][et_pb_image src=\u00bbhttps:\/\/centros-investigacion-nv.s3.amazonaws.com\/wp-content\/uploads\/2021\/03\/CeSyC.jpg\u00bb title_text=\u00bbCeSyC\u00bb url=\u00bbhttps:\/\/www.itba.edu.ar\/centros\/cesyc\/\u00bb use_overlay=\u00bbon\u00bb _builder_version=\u00bb4.9.2&#8243; _module_preset=\u00bbdefault\u00bb][\/et_pb_image][\/et_pb_column][\/et_pb_row][et_pb_row column_structure=\u00bb1_3,1_3,1_3&#8243; _builder_version=\u00bb4.7.7&#8243; _module_preset=\u00bbdefault\u00bb][et_pb_column type=\u00bb1_3&#8243; _builder_version=\u00bb4.7.7&#8243; _module_preset=\u00bbdefault\u00bb][et_pb_image src=\u00bbhttps:\/\/centros-investigacion-nv.s3.amazonaws.com\/wp-content\/uploads\/2021\/03\/CEMAT.jpg\u00bb title_text=\u00bbCEMAT\u00bb url=\u00bbhttps:\/\/www.itba.edu.ar\/centros\/cemat\/\u00bb use_overlay=\u00bbon\u00bb overlay_icon_color=\u00bb#e62e51&#8243; _builder_version=\u00bb4.9.2&#8243; _module_preset=\u00bbdefault\u00bb][\/et_pb_image][\/et_pb_column][et_pb_column type=\u00bb1_3&#8243; _builder_version=\u00bb4.7.7&#8243; _module_preset=\u00bbdefault\u00bb][et_pb_image src=\u00bbhttps:\/\/centros-investigacion-nv.s3.amazonaws.com\/wp-content\/uploads\/2021\/03\/CIDIM-1.jpg\u00bb title_text=\u00bbCIDIM (1)\u00bb url=\u00bbhttps:\/\/www.itba.edu.ar\/centros\/cidim\/\u00bb use_overlay=\u00bbon\u00bb overlay_icon_color=\u00bb#e62e51&#8243; _builder_version=\u00bb4.9.2&#8243; _module_preset=\u00bbdefault\u00bb][\/et_pb_image][\/et_pb_column][et_pb_column type=\u00bb1_3&#8243; _builder_version=\u00bb4.7.7&#8243; _module_preset=\u00bbdefault\u00bb][et_pb_image src=\u00bbhttps:\/\/centros-investigacion-nv.s3.amazonaws.com\/wp-content\/uploads\/2021\/03\/CMC.jpg\u00bb title_text=\u00bbCMC\u00bb url=\u00bbhttps:\/\/www.itba.edu.ar\/centros\/cmc\/\u00bb use_overlay=\u00bbon\u00bb overlay_icon_color=\u00bb#e62e51&#8243; _builder_version=\u00bb4.9.2&#8243; _module_preset=\u00bbdefault\u00bb][\/et_pb_image][\/et_pb_column][\/et_pb_row][et_pb_row column_structure=\u00bb1_3,1_3,1_3&#8243; _builder_version=\u00bb4.7.7&#8243; _module_preset=\u00bbdefault\u00bb][et_pb_column type=\u00bb1_3&#8243; _builder_version=\u00bb4.7.7&#8243; _module_preset=\u00bbdefault\u00bb][et_pb_image src=\u00bbhttps:\/\/centros-investigacion-nv.s3.amazonaws.com\/wp-content\/uploads\/2021\/03\/CIMA.jpg\u00bb title_text=\u00bbCIMA\u00bb url=\u00bbhttps:\/\/www.itba.edu.ar\/centros\/cima\/\u00bb use_overlay=\u00bbon\u00bb overlay_icon_color=\u00bb#bb25e8&#8243; _builder_version=\u00bb4.9.2&#8243; _module_preset=\u00bbdefault\u00bb][\/et_pb_image][\/et_pb_column][et_pb_column type=\u00bb1_3&#8243; _builder_version=\u00bb4.7.7&#8243; _module_preset=\u00bbdefault\u00bb][et_pb_image src=\u00bbhttps:\/\/centros-investigacion-nv.s3.amazonaws.com\/wp-content\/uploads\/2021\/03\/CIDEI.jpg\u00bb title_text=\u00bbCIDEI\u00bb url=\u00bbhttps:\/\/www.itba.edu.ar\/centros\/cidei\/\u00bb use_overlay=\u00bbon\u00bb overlay_icon_color=\u00bb#ea7740&#8243; _builder_version=\u00bb4.9.2&#8243; _module_preset=\u00bbdefault\u00bb][\/et_pb_image][\/et_pb_column][et_pb_column type=\u00bb1_3&#8243; _builder_version=\u00bb4.7.7&#8243; _module_preset=\u00bbdefault\u00bb][et_pb_image src=\u00bbhttps:\/\/centros-investigacion-nv.s3.amazonaws.com\/wp-content\/uploads\/2021\/03\/CLIO.jpg\u00bb title_text=\u00bbCLIO\u00bb url=\u00bbhttps:\/\/www.itba.edu.ar\/centros\/clio\/\u00bb use_overlay=\u00bbon\u00bb overlay_icon_color=\u00bb#e2c600&#8243; _builder_version=\u00bb4.9.2&#8243; _module_preset=\u00bbdefault\u00bb][\/et_pb_image][\/et_pb_column][\/et_pb_row][et_pb_row column_structure=\u00bb1_3,1_3,1_3&#8243; _builder_version=\u00bb4.7.7&#8243; _module_preset=\u00bbdefault\u00bb][et_pb_column type=\u00bb1_3&#8243; _builder_version=\u00bb4.7.7&#8243; _module_preset=\u00bbdefault\u00bb][et_pb_image src=\u00bbhttps:\/\/centros-investigacion-nv.s3.amazonaws.com\/wp-content\/uploads\/2021\/03\/CAFiBiS.jpg\u00bb title_text=\u00bbCAFiBiS\u00bb url=\u00bbhttps:\/\/www.itba.edu.ar\/centros\/cafibis\/\u00bb use_overlay=\u00bbon\u00bb overlay_icon_color=\u00bb#97df37&#8243; _builder_version=\u00bb4.9.2&#8243; _module_preset=\u00bbdefault\u00bb][\/et_pb_image][\/et_pb_column][et_pb_column type=\u00bb1_3&#8243; _builder_version=\u00bb4.7.7&#8243; _module_preset=\u00bbdefault\u00bb][et_pb_image src=\u00bbhttps:\/\/centros-investigacion-nv.s3.amazonaws.com\/wp-content\/uploads\/2021\/03\/CIC.jpg\u00bb title_text=\u00bbCIC\u00bb url=\u00bbhttps:\/\/www.itba.edu.ar\/centros\/cic\/\u00bb use_overlay=\u00bbon\u00bb overlay_icon_color=\u00bb#97df37&#8243; _builder_version=\u00bb4.9.2&#8243; _module_preset=\u00bbdefault\u00bb][\/et_pb_image][\/et_pb_column][et_pb_column type=\u00bb1_3&#8243; _builder_version=\u00bb4.7.7&#8243; _module_preset=\u00bbdefault\u00bb][et_pb_image src=\u00bbhttps:\/\/centros-investigacion-nv.s3.amazonaws.com\/wp-content\/uploads\/2021\/03\/CI.jpg\u00bb title_text=\u00bbCI\u00bb url=\u00bbhttps:\/\/www.itba.edu.ar\/centros\/ci\/\u00bb use_overlay=\u00bbon\u00bb overlay_icon_color=\u00bb#97df37&#8243; _builder_version=\u00bb4.9.2&#8243; _module_preset=\u00bbdefault\u00bb][\/et_pb_image][\/et_pb_column][\/et_pb_row][\/et_pb_section][et_pb_section fb_built=\u00bb1&#8243; _builder_version=\u00bb4.9.2&#8243; _module_preset=\u00bbdefault\u00bb][\/et_pb_section]<\/p>\n","protected":false},"excerpt":{"rendered":"<p>Centros de Investigaci\u00f3nEn el ITBA desarrollamos investigaci\u00f3n de calidad. A trav\u00e9s de 12 centros de investigaci\u00f3n que re\u00fanen a expertos de todas las disciplinas impulsamos proyectos que buscan solucionar los problemas que la humanidad necesita resolver.<\/p>\n","protected":false},"author":6,"featured_media":0,"parent":0,"menu_order":0,"comment_status":"closed","ping_status":"closed","template":"","meta":{"_et_pb_use_builder":"on","_et_pb_old_content":"<!-- wp:divi\/placeholder \/-->","_et_gb_content_width":"","footnotes":""},"class_list":["post-56","page","type-page","status-publish","hentry"],"_links":{"self":[{"href":"https:\/\/www.itba.edu.ar\/centros\/wp-json\/wp\/v2\/pages\/56","targetHints":{"allow":["GET"]}}],"collection":[{"href":"https:\/\/www.itba.edu.ar\/centros\/wp-json\/wp\/v2\/pages"}],"about":[{"href":"https:\/\/www.itba.edu.ar\/centros\/wp-json\/wp\/v2\/types\/page"}],"author":[{"embeddable":true,"href":"https:\/\/www.itba.edu.ar\/centros\/wp-json\/wp\/v2\/users\/6"}],"replies":[{"embeddable":true,"href":"https:\/\/www.itba.edu.ar\/centros\/wp-json\/wp\/v2\/comments?post=56"}],"version-history":[{"count":18,"href":"https:\/\/www.itba.edu.ar\/centros\/wp-json\/wp\/v2\/pages\/56\/revisions"}],"predecessor-version":[{"id":149,"href":"https:\/\/www.itba.edu.ar\/centros\/wp-json\/wp\/v2\/pages\/56\/revisions\/149"}],"wp:attachment":[{"href":"https:\/\/www.itba.edu.ar\/centros\/wp-json\/wp\/v2\/media?parent=56"}],"curies":[{"name":"wp","href":"https:\/\/api.w.org\/{rel}","templated":true}]}}