{"id":20,"date":"2020-11-25T12:31:53","date_gmt":"2020-11-25T12:31:53","guid":{"rendered":"https:\/\/www.itba.edu.ar\/centros\/cmc\/?page_id=20"},"modified":"2021-03-04T18:38:34","modified_gmt":"2021-03-04T18:38:34","slug":"el-centro","status":"publish","type":"page","link":"https:\/\/www.itba.edu.ar\/centros\/cmc\/","title":{"rendered":"El Centro"},"content":{"rendered":"<p>[et_pb_section fb_built=\u00bb1&#8243; admin_label=\u00bbHero\u00bb _builder_version=\u00bb4.6.6&#8243; use_background_color_gradient=\u00bbon\u00bb background_color_gradient_start=\u00bbrgba(40,40,40,0.79)\u00bb background_color_gradient_end=\u00bbrgba(40,40,40,0.86)\u00bb background_color_gradient_type=\u00bbradial\u00bb background_color_gradient_direction_radial=\u00bbtop left\u00bb background_color_gradient_overlays_image=\u00bbon\u00bb background_image=\u00bbhttps:\/\/centros-investigacion-nv.s3.amazonaws.com\/wp-content\/uploads\/sites\/6\/2020\/11\/ci-header-inicio.jpg\u00bb background_blend=\u00bbdifference\u00bb custom_margin=\u00bb||||false\u00bb custom_padding=\u00bb10vw||10vw||true|false\u00bb][et_pb_row column_structure=\u00bb2_3,1_3&#8243; _builder_version=\u00bb3.25&#8243;][et_pb_column type=\u00bb2_3&#8243; _builder_version=\u00bb3.25&#8243; custom_padding=\u00bb|||\u00bb custom_padding__hover=\u00bb|||\u00bb][et_pb_text _builder_version=\u00bb4.6.6&#8243; text_font=\u00bb||||||||\u00bb header_font=\u00bbRubik|700|||||||\u00bb header_font_size=\u00bb64px\u00bb header_line_height=\u00bb1.1em\u00bb background_layout=\u00bbdark\u00bb max_width=\u00bb800px\u00bb custom_margin=\u00bb||0px|\u00bb custom_padding=\u00bb|||16px\u00bb text_font_size_tablet=\u00bb14px\u00bb text_font_size_last_edited=\u00bboff|desktop\u00bb header_font_size_tablet=\u00bb44px\u00bb header_font_size_phone=\u00bb32px\u00bb header_font_size_last_edited=\u00bbon|phone\u00bb border_color_all=\u00bb#FF0000&#8243; border_width_left=\u00bb10px\u00bb]<\/p>\n<h1>CMC<\/h1>\n<h2 style=\"color: #000\"><span style=\"background-color: #ff0000;background-size: auto;line-height: 1.6;color: #000000\">Centro de Mec\u00e1nica Computacional <\/span><\/h2>\n<p><span style=\"font-size: 26px\">Departamento de Ingenier\u00eda Mec\u00e1nica<\/span><\/p>\n<p>[\/et_pb_text][\/et_pb_column][et_pb_column type=\u00bb1_3&#8243; _builder_version=\u00bb3.25&#8243; custom_padding=\u00bb|||\u00bb custom_padding__hover=\u00bb|||\u00bb][\/et_pb_column][\/et_pb_row][\/et_pb_section][et_pb_section fb_built=\u00bb1&#8243; admin_label=\u00bbAbout Us\u00bb _builder_version=\u00bb3.22&#8243;][et_pb_row _builder_version=\u00bb4.6.6&#8243; animation_style=\u00bbflip\u00bb][et_pb_column type=\u00bb4_4&#8243; _builder_version=\u00bb3.25&#8243; custom_padding=\u00bb|||\u00bb custom_padding__hover=\u00bb|||\u00bb][et_pb_text _builder_version=\u00bb4.6.6&#8243; text_font=\u00bb||||||||\u00bb text_font_size=\u00bb15px\u00bb text_line_height=\u00bb1.8em\u00bb custom_padding=\u00bb|||\u00bb custom_padding_tablet=\u00bb|40px||40px||true\u00bb custom_padding_last_edited=\u00bboff|desktop\u00bb]<\/p>\n<h1 style=\"text-align: center\"><strong>El Centro<\/strong><\/h1>\n<p>[\/et_pb_text][et_pb_text _builder_version=\u00bb4.6.6&#8243; text_font=\u00bb||||||||\u00bb text_font_size=\u00bb15px\u00bb text_line_height=\u00bb1.8em\u00bb custom_padding=\u00bb|||\u00bb custom_padding_tablet=\u00bb|40px||40px||true\u00bb custom_padding_last_edited=\u00bboff|desktop\u00bb animation_style=\u00bbflip\u00bb]<\/p>\n<p>La mec\u00e1nica computacional es una disciplina de la mec\u00e1nica aplicada dedicada a modelar matem\u00e1ticamente el comportamiento de medios s\u00f3lidos y fluidos en los m\u00e1s diversos entornos y desarrollar herramientas para representar su comportamiento en escalas adecuadas a cada problem\u00e1tica. Se apoya en los principios f\u00edsicos, formulaciones matem\u00e1ticas y algoritmos de c\u00e1lculo para lograr el objetivo de describir la realidad y poder predecir su comportamiento.<\/p>\n<p>El Centro de Mec\u00e1nica Computacional re\u00fane esfuerzos para modelar el comportamiento de componentes y materiales s\u00f3lidos para estudiar su capacidad de cumplir una determinada funci\u00f3n, sus mecanismos de falla y de deformaci\u00f3n y el comportamiento de fluidos dentro de dispositivos e instalaciones con el fin de potenciar la innovaci\u00f3n en el dise\u00f1o y en las aplicaciones.<\/p>\n<p><strong>\u00c1reas de trabajo:<\/strong><\/p>\n<ul>\n<li>Liberaci\u00f3n controlada de drogas<\/li>\n<li>Falla de materiales<\/li>\n<li>Geo mec\u00e1nica de yacimientos no convencionales y Fractura Hidr\u00e1ulica<\/li>\n<li>Simulaci\u00f3n de procesos industriales, conformado de metales y dise\u00f1o \/ verificaci\u00f3n de componentes<\/li>\n<li>Modelado de comportamiento de materiales compuestos<\/li>\n<\/ul>\n<p><strong>Objetivos:<\/strong><\/p>\n<p>\u2013 Investigaci\u00f3n: asistir a las \u00e1reas estrat\u00e9gicas con herramientas de c\u00e1lculo y dise\u00f1o de alto nivel y avanzar en la investigaci\u00f3n de nuevas t\u00e9cnicas de modelado de fen\u00f3menos.<\/p>\n<p>\u2013 Servicios Tecnol\u00f3gicos: proveer al mercado local de un laboratorio capaz de realizar modelos de alta complejidad con rigor cient\u00edfico y t\u00e9cnico que provea servicios a industrias de alto nivel tecnol\u00f3gico.<\/p>\n<p>\u2013 Acad\u00e9mica: introducir t\u00e9cnicas de c\u00e1lculo en el grado y posgrado y ofrecer formaci\u00f3n de educaci\u00f3n continua en este campo.<\/p>\n<p>[\/et_pb_text][et_pb_text _builder_version=\u00bb4.6.6&#8243; text_font=\u00bb||||||||\u00bb text_font_size=\u00bb15px\u00bb text_line_height=\u00bb1.8em\u00bb custom_padding=\u00bb|||\u00bb custom_padding_tablet=\u00bb|40px||40px||true\u00bb custom_padding_last_edited=\u00bboff|desktop\u00bb]<\/p>\n<h1 style=\"text-align: center\"><strong>Quienes Somos<\/strong><\/h1>\n<p>[\/et_pb_text][\/et_pb_column][\/et_pb_row][et_pb_row column_structure=\u00bb1_5,1_5,1_5,1_5,1_5&#8243; _builder_version=\u00bb4.6.6&#8243; _module_preset=\u00bbdefault\u00bb][et_pb_column type=\u00bb1_5&#8243; _builder_version=\u00bb4.6.6&#8243; _module_preset=\u00bbdefault\u00bb][et_pb_team_member name=\u00bbDr. Ing. Sebasti\u00e1n D\u2019hers\u00bb position=\u00bbProfesor Titular y Director del Centro\u00bb _builder_version=\u00bb4.7.7&#8243; _module_preset=\u00bbdefault\u00bb hover_enabled=\u00bb0&#8243; sticky_enabled=\u00bb0&#8243;][\/et_pb_team_member][\/et_pb_column][et_pb_column type=\u00bb1_5&#8243; _builder_version=\u00bb4.6.6&#8243; _module_preset=\u00bbdefault\u00bb][et_pb_team_member name=\u00bbIng. Nicol\u00e1s Pontelli\u00bb position=\u00bbIng. De Proyecto &#8211; Profesor Adjunto\u00bb _builder_version=\u00bb4.7.7&#8243; _module_preset=\u00bbdefault\u00bb hover_enabled=\u00bb0&#8243; sticky_enabled=\u00bb0&#8243;][\/et_pb_team_member][\/et_pb_column][et_pb_column type=\u00bb1_5&#8243; _builder_version=\u00bb4.6.6&#8243; _module_preset=\u00bbdefault\u00bb][et_pb_team_member name=\u00bbIng. Francisco Polano\u00bb position=\u00bbIng. De Proyecto\u00bb _builder_version=\u00bb4.7.7&#8243; _module_preset=\u00bbdefault\u00bb hover_enabled=\u00bb0&#8243; sticky_enabled=\u00bb0&#8243;][\/et_pb_team_member][\/et_pb_column][et_pb_column type=\u00bb1_5&#8243; _builder_version=\u00bb4.6.6&#8243; _module_preset=\u00bbdefault\u00bb][et_pb_team_member name=\u00bbIng. Pablo Medina\u00bb position=\u00bbDoctorando\u00bb _builder_version=\u00bb4.7.7&#8243; _module_preset=\u00bbdefault\u00bb hover_enabled=\u00bb0&#8243; sticky_enabled=\u00bb0&#8243;][\/et_pb_team_member][\/et_pb_column][et_pb_column type=\u00bb1_5&#8243; _builder_version=\u00bb4.6.6&#8243; _module_preset=\u00bbdefault\u00bb][et_pb_team_member name=\u00bbIng. Manuel Jin\u00bb position=\u00bbIng. De Proyecto\u00bb _builder_version=\u00bb4.7.7&#8243; _module_preset=\u00bbdefault\u00bb hover_enabled=\u00bb0&#8243; sticky_enabled=\u00bb0&#8243;][\/et_pb_team_member][\/et_pb_column][\/et_pb_row][\/et_pb_section]<\/p>\n","protected":false},"excerpt":{"rendered":"<p>CMC Centro de Mec\u00e1nica Computacional Departamento de Ingenier\u00eda Mec\u00e1nicaEl CentroLa mec\u00e1nica computacional es una disciplina de la mec\u00e1nica aplicada dedicada a modelar matem\u00e1ticamente el comportamiento de medios s\u00f3lidos y fluidos en los m\u00e1s diversos entornos y desarrollar herramientas para representar su comportamiento en escalas adecuadas a cada problem\u00e1tica. Se apoya en los principios f\u00edsicos, formulaciones [&hellip;]<\/p>\n","protected":false},"author":7,"featured_media":0,"parent":0,"menu_order":0,"comment_status":"closed","ping_status":"closed","template":"","meta":{"_et_pb_use_builder":"on","_et_pb_old_content":"","_et_gb_content_width":"","footnotes":""},"class_list":["post-20","page","type-page","status-publish","hentry"],"_links":{"self":[{"href":"https:\/\/www.itba.edu.ar\/centros\/cmc\/wp-json\/wp\/v2\/pages\/20","targetHints":{"allow":["GET"]}}],"collection":[{"href":"https:\/\/www.itba.edu.ar\/centros\/cmc\/wp-json\/wp\/v2\/pages"}],"about":[{"href":"https:\/\/www.itba.edu.ar\/centros\/cmc\/wp-json\/wp\/v2\/types\/page"}],"author":[{"embeddable":true,"href":"https:\/\/www.itba.edu.ar\/centros\/cmc\/wp-json\/wp\/v2\/users\/7"}],"replies":[{"embeddable":true,"href":"https:\/\/www.itba.edu.ar\/centros\/cmc\/wp-json\/wp\/v2\/comments?post=20"}],"version-history":[{"count":6,"href":"https:\/\/www.itba.edu.ar\/centros\/cmc\/wp-json\/wp\/v2\/pages\/20\/revisions"}],"predecessor-version":[{"id":63,"href":"https:\/\/www.itba.edu.ar\/centros\/cmc\/wp-json\/wp\/v2\/pages\/20\/revisions\/63"}],"wp:attachment":[{"href":"https:\/\/www.itba.edu.ar\/centros\/cmc\/wp-json\/wp\/v2\/media?parent=20"}],"curies":[{"name":"wp","href":"https:\/\/api.w.org\/{rel}","templated":true}]}}