{"id":33,"date":"2020-11-13T13:02:12","date_gmt":"2020-11-13T13:02:12","guid":{"rendered":"https:\/\/www.itba.edu.ar\/centros\/cidei\/?page_id=33"},"modified":"2020-12-01T11:23:08","modified_gmt":"2020-12-01T11:23:08","slug":"quienes-somos","status":"publish","type":"page","link":"https:\/\/www.itba.edu.ar\/centros\/cidei\/quienes-somos\/","title":{"rendered":"Quienes Somos"},"content":{"rendered":"<p>[et_pb_section fb_built=\u00bb1&#8243; admin_label=\u00bbHero\u00bb _builder_version=\u00bb4.6.6&#8243; use_background_color_gradient=\u00bbon\u00bb background_color_gradient_start=\u00bbrgba(40,40,40,0.79)\u00bb background_color_gradient_end=\u00bbrgba(40,40,40,0.86)\u00bb background_color_gradient_type=\u00bbradial\u00bb background_color_gradient_direction_radial=\u00bbtop left\u00bb background_color_gradient_overlays_image=\u00bbon\u00bb background_image=\u00bbhttps:\/\/centros-investigacion-nv.s3.amazonaws.com\/wp-content\/uploads\/sites\/4\/2020\/11\/header-quienes-somos.jpg\u00bb max_height=\u00bb400px\u00bb custom_margin=\u00bb-50px||||false|false\u00bb custom_padding=\u00bb80px||80px||true|false\u00bb hover_enabled=\u00bb0&#8243; sticky_enabled=\u00bb0&#8243;][et_pb_row column_structure=\u00bb2_3,1_3&#8243; _builder_version=\u00bb4.6.6&#8243; border_color_all=\u00bb#D6D129&#8243;][et_pb_column type=\u00bb2_3&#8243; _builder_version=\u00bb3.25&#8243; custom_padding=\u00bb|||\u00bb custom_padding__hover=\u00bb|||\u00bb][et_pb_text _builder_version=\u00bb4.6.6&#8243; text_font=\u00bb||||||||\u00bb header_font=\u00bbRubik|700|||||||\u00bb header_font_size=\u00bb64px\u00bb header_line_height=\u00bb1.1em\u00bb background_layout=\u00bbdark\u00bb max_width=\u00bb800px\u00bb custom_margin=\u00bb||0px|\u00bb custom_padding=\u00bb|||16px\u00bb hover_enabled=\u00bb0&#8243; text_font_size_tablet=\u00bb14px\u00bb text_font_size_last_edited=\u00bboff|desktop\u00bb header_font_size_tablet=\u00bb44px\u00bb header_font_size_phone=\u00bb32px\u00bb header_font_size_last_edited=\u00bbon|phone\u00bb border_color_all=\u00bb#E16A12&#8243; border_width_left=\u00bb10px\u00bb sticky_enabled=\u00bb0&#8243;]<\/p>\n<h1>Quienes Somos<\/h1>\n<h2><span style=\"background-color: #f16c09;background-size: auto;line-height: 1.6\">Centro de I+D en Electr\u00f3nica Industrial<\/span><\/h2>\n<p>[\/et_pb_text][\/et_pb_column][et_pb_column type=\u00bb1_3&#8243; _builder_version=\u00bb3.25&#8243; custom_padding=\u00bb|||\u00bb custom_padding__hover=\u00bb|||\u00bb][\/et_pb_column][\/et_pb_row][\/et_pb_section][et_pb_section fb_built=\u00bb1&#8243; admin_label=\u00bbRelated Services\u00bb _builder_version=\u00bb3.22&#8243; background_color=\u00bb#f7f7f7&#8243;][et_pb_row column_structure=\u00bb1_4,1_4,1_4,1_4&#8243; use_custom_gutter=\u00bbon\u00bb _builder_version=\u00bb4.6.6&#8243; custom_margin=\u00bb|||\u00bb][et_pb_column type=\u00bb1_4&#8243; _builder_version=\u00bb3.25&#8243; custom_padding=\u00bb|||\u00bb custom_padding__hover=\u00bb|||\u00bb][et_pb_text _builder_version=\u00bb4.6.6&#8243; _module_preset=\u00bbdefault\u00bb]<\/p>\n<h4>Dr. Ing. Miguel Aguirre<\/h4>\n<h4><strong>Director<\/strong><\/h4>\n<p>[\/et_pb_text][\/et_pb_column][et_pb_column type=\u00bb1_4&#8243; _builder_version=\u00bb3.25&#8243; custom_padding=\u00bb|||\u00bb custom_padding__hover=\u00bb|||\u00bb][et_pb_text _builder_version=\u00bb4.6.6&#8243; _module_preset=\u00bbdefault\u00bb]<\/p>\n<h4>Dr. Ing. Pablo Cossutta<\/h4>\n<h4><strong><span>Co-Director<\/span><\/strong><\/h4>\n<p>&nbsp;<\/p>\n<p>[\/et_pb_text][\/et_pb_column][et_pb_column type=\u00bb1_4&#8243; _builder_version=\u00bb3.25&#8243; custom_padding=\u00bb|||\u00bb custom_padding__hover=\u00bb|||\u00bb][et_pb_text _builder_version=\u00bb4.6.6&#8243; _module_preset=\u00bbdefault\u00bb]<\/p>\n<h4>Ing. Carlos Selmo<br \/><strong>Investigador, Doctorando<\/strong><\/h4>\n<p>&nbsp;<\/p>\n<p>[\/et_pb_text][\/et_pb_column][et_pb_column type=\u00bb1_4&#8243; _builder_version=\u00bb3.25&#8243; custom_padding=\u00bb|||\u00bb custom_padding__hover=\u00bb|||\u00bb][et_pb_text _builder_version=\u00bb4.6.6&#8243; _module_preset=\u00bbdefault\u00bb]<\/p>\n<h4>Msc. Ing. Nicol\u00e1s Magliola<\/h4>\n<h4><strong>Investigador, Doctorando<\/strong><\/h4>\n<p>[\/et_pb_text][\/et_pb_column][\/et_pb_row][et_pb_row column_structure=\u00bb1_4,1_4,1_4,1_4&#8243; use_custom_gutter=\u00bbon\u00bb _builder_version=\u00bb4.6.6&#8243; custom_margin=\u00bb|||\u00bb][et_pb_column type=\u00bb1_4&#8243; _builder_version=\u00bb3.25&#8243; custom_padding=\u00bb|||\u00bb custom_padding__hover=\u00bb|||\u00bb][et_pb_text _builder_version=\u00bb4.6.6&#8243; _module_preset=\u00bbdefault\u00bb]<\/p>\n<h4>Ing. Mat\u00edas Pretel<\/h4>\n<h4><strong>Investigador, Doctorando<\/strong><\/h4>\n<p>[\/et_pb_text][\/et_pb_column][et_pb_column type=\u00bb1_4&#8243; _builder_version=\u00bb3.25&#8243; custom_padding=\u00bb|||\u00bb custom_padding__hover=\u00bb|||\u00bb][et_pb_text _builder_version=\u00bb4.6.6&#8243; _module_preset=\u00bbdefault\u00bb]<\/p>\n<h4>Msc. Ing. Andr\u00e9s Rodriguez<\/h4>\n<h4><strong>Investigador, Doctorando<\/strong><\/h4>\n<p>&nbsp;<\/p>\n<p>[\/et_pb_text][\/et_pb_column][et_pb_column type=\u00bb1_4&#8243; _builder_version=\u00bb3.25&#8243; custom_padding=\u00bb|||\u00bb custom_padding__hover=\u00bb|||\u00bb][et_pb_text _builder_version=\u00bb4.6.6&#8243; _module_preset=\u00bbdefault\u00bb]<\/p>\n<h4>Msc. Ing. Math\u00edas Ang\u00e9lico<\/h4>\n<h4><strong>Consultor<\/strong><\/h4>\n<p>[\/et_pb_text][\/et_pb_column][et_pb_column type=\u00bb1_4&#8243; _builder_version=\u00bb3.25&#8243; custom_padding=\u00bb|||\u00bb custom_padding__hover=\u00bb|||\u00bb][et_pb_text _builder_version=\u00bb4.6.6&#8243; _module_preset=\u00bbdefault\u00bb]<\/p>\n<h4>Ing. Juan Matus<\/h4>\n<h4><strong>Consultor<\/strong><\/h4>\n<p>[\/et_pb_text][\/et_pb_column][\/et_pb_row][et_pb_row column_structure=\u00bb1_4,1_4,1_4,1_4&#8243; use_custom_gutter=\u00bbon\u00bb _builder_version=\u00bb4.6.6&#8243; custom_margin=\u00bb|||\u00bb][et_pb_column type=\u00bb1_4&#8243; _builder_version=\u00bb3.25&#8243; custom_padding=\u00bb|||\u00bb custom_padding__hover=\u00bb|||\u00bb][et_pb_text _builder_version=\u00bb4.6.6&#8243; _module_preset=\u00bbdefault\u00bb]<\/p>\n<h4>Roc\u00edo Parra<\/h4>\n<h4><strong>Becaria<\/strong><\/h4>\n<p>[\/et_pb_text][\/et_pb_column][et_pb_column type=\u00bb1_4&#8243; _builder_version=\u00bb3.25&#8243; custom_padding=\u00bb|||\u00bb custom_padding__hover=\u00bb|||\u00bb][et_pb_text _builder_version=\u00bb4.6.6&#8243; _module_preset=\u00bbdefault\u00bb]<\/p>\n<h4>Jorge C\u00e1ceres<\/h4>\n<h4><strong>T\u00e9cnico<\/strong><\/h4>\n<p>&nbsp;<\/p>\n<p>[\/et_pb_text][\/et_pb_column][et_pb_column type=\u00bb1_4&#8243; _builder_version=\u00bb3.25&#8243; custom_padding=\u00bb|||\u00bb custom_padding__hover=\u00bb|||\u00bb][et_pb_text _builder_version=\u00bb4.6.6&#8243; _module_preset=\u00bbdefault\u00bb]<\/p>\n<h4>Gabriel Zapata<\/h4>\n<h4><strong>T\u00e9cnico<\/strong><\/h4>\n<p>[\/et_pb_text][\/et_pb_column][et_pb_column type=\u00bb1_4&#8243; _builder_version=\u00bb3.25&#8243; custom_padding=\u00bb|||\u00bb custom_padding__hover=\u00bb|||\u00bb][\/et_pb_column][\/et_pb_row][et_pb_row _builder_version=\u00bb4.6.6&#8243; _module_preset=\u00bbdefault\u00bb][et_pb_column type=\u00bb4_4&#8243; _builder_version=\u00bb4.6.6&#8243; _module_preset=\u00bbdefault\u00bb][\/et_pb_column][\/et_pb_row][\/et_pb_section]<\/p>\n","protected":false},"excerpt":{"rendered":"<p>Quienes Somos Centro de I+D en Electr\u00f3nica IndustrialDr. Ing. Miguel Aguirre DirectorDr. Ing. Pablo Cossutta Co-Director &nbsp;Ing. Carlos SelmoInvestigador, Doctorando &nbsp;Msc. Ing. Nicol\u00e1s Magliola Investigador, DoctorandoIng. Mat\u00edas Pretel Investigador, DoctorandoMsc. Ing. Andr\u00e9s Rodriguez Investigador, Doctorando &nbsp;Msc. Ing. Math\u00edas Ang\u00e9lico ConsultorIng. Juan Matus ConsultorRoc\u00edo Parra BecariaJorge C\u00e1ceres T\u00e9cnico &nbsp;Gabriel Zapata T\u00e9cnico<\/p>\n","protected":false},"author":7,"featured_media":0,"parent":0,"menu_order":0,"comment_status":"closed","ping_status":"closed","template":"","meta":{"_et_pb_use_builder":"on","_et_pb_old_content":"","_et_gb_content_width":"","footnotes":""},"class_list":["post-33","page","type-page","status-publish","hentry"],"_links":{"self":[{"href":"https:\/\/www.itba.edu.ar\/centros\/cidei\/wp-json\/wp\/v2\/pages\/33","targetHints":{"allow":["GET"]}}],"collection":[{"href":"https:\/\/www.itba.edu.ar\/centros\/cidei\/wp-json\/wp\/v2\/pages"}],"about":[{"href":"https:\/\/www.itba.edu.ar\/centros\/cidei\/wp-json\/wp\/v2\/types\/page"}],"author":[{"embeddable":true,"href":"https:\/\/www.itba.edu.ar\/centros\/cidei\/wp-json\/wp\/v2\/users\/7"}],"replies":[{"embeddable":true,"href":"https:\/\/www.itba.edu.ar\/centros\/cidei\/wp-json\/wp\/v2\/comments?post=33"}],"version-history":[{"count":12,"href":"https:\/\/www.itba.edu.ar\/centros\/cidei\/wp-json\/wp\/v2\/pages\/33\/revisions"}],"predecessor-version":[{"id":101,"href":"https:\/\/www.itba.edu.ar\/centros\/cidei\/wp-json\/wp\/v2\/pages\/33\/revisions\/101"}],"wp:attachment":[{"href":"https:\/\/www.itba.edu.ar\/centros\/cidei\/wp-json\/wp\/v2\/media?parent=33"}],"curies":[{"name":"wp","href":"https:\/\/api.w.org\/{rel}","templated":true}]}}

<p>[et_pb_section fb_built=»1&#8243; admin_label=»Hero» _builder_version=»4.6.6&#8243; use_background_color_gradient=»on» background_color_gradient_start=»rgba(40,40,40,0.79)» background_color_gradient_end=»rgba(40,40,40,0.86)» background_color_gradient_type=»radial» background_color_gradient_direction_radial=»top left» background_color_gradient_overlays_image=»on» background_image=»https://centros-investigacion-nv.s3.amazonaws.com/wp-content/uploads/sites/4/2020/11/header-quienes-somos.jpg» max_height=»400px» custom_margin=»-50px||||false|false» custom_padding=»80px||80px||true|false» hover_enabled=»0&#8243; sticky_enabled=»0&#8243;][et_pb_row column_structure=»2_3,1_3&#8243; _builder_version=»4.6.6&#8243; border_color_all=»#D6D129&#8243;][et_pb_column type=»2_3&#8243; _builder_version=»3.25&#8243; custom_padding=»|||» custom_padding__hover=»|||»][et_pb_text _builder_version=»4.6.6&#8243; text_font=»||||||||» header_font=»Rubik|700|||||||» header_font_size=»64px» header_line_height=»1.1em» background_layout=»dark» max_width=»800px» custom_margin=»||0px|» custom_padding=»|||16px» hover_enabled=»0&#8243; text_font_size_tablet=»14px» text_font_size_last_edited=»off|desktop» header_font_size_tablet=»44px» header_font_size_phone=»32px» header_font_size_last_edited=»on|phone» border_color_all=»#E16A12&#8243; border_width_left=»10px» sticky_enabled=»0&#8243;]</p>
<h1>Quienes Somos</h1>
<h2><span style="background-color: #f16c09;background-size: auto;line-height: 1.6">Centro de I+D en Electrónica Industrial</span></h2>
<p>[/et_pb_text][/et_pb_column][et_pb_column type=»1_3&#8243; _builder_version=»3.25&#8243; custom_padding=»|||» custom_padding__hover=»|||»][/et_pb_column][/et_pb_row][/et_pb_section][et_pb_section fb_built=»1&#8243; admin_label=»Related Services» _builder_version=»3.22&#8243; background_color=»#f7f7f7&#8243;][et_pb_row column_structure=»1_4,1_4,1_4,1_4&#8243; use_custom_gutter=»on» _builder_version=»4.6.6&#8243; custom_margin=»|||»][et_pb_column type=»1_4&#8243; _builder_version=»3.25&#8243; custom_padding=»|||» custom_padding__hover=»|||»][et_pb_text _builder_version=»4.6.6&#8243; _module_preset=»default»]</p>
<h4>Dr. Ing. Miguel Aguirre</h4>
<h4><strong>Director</strong></h4>
<p>[/et_pb_text][/et_pb_column][et_pb_column type=»1_4&#8243; _builder_version=»3.25&#8243; custom_padding=»|||» custom_padding__hover=»|||»][et_pb_text _builder_version=»4.6.6&#8243; _module_preset=»default»]</p>
<h4>Dr. Ing. Pablo Cossutta</h4>
<h4><strong><span>Co-Director</span></strong></h4>
<p>&nbsp;</p>
<p>[/et_pb_text][/et_pb_column][et_pb_column type=»1_4&#8243; _builder_version=»3.25&#8243; custom_padding=»|||» custom_padding__hover=»|||»][et_pb_text _builder_version=»4.6.6&#8243; _module_preset=»default»]</p>
<h4>Ing. Carlos Selmo<br /><strong>Investigador, Doctorando</strong></h4>
<p>&nbsp;</p>
<p>[/et_pb_text][/et_pb_column][et_pb_column type=»1_4&#8243; _builder_version=»3.25&#8243; custom_padding=»|||» custom_padding__hover=»|||»][et_pb_text _builder_version=»4.6.6&#8243; _module_preset=»default»]</p>
<h4>Msc. Ing. Nicolás Magliola</h4>
<h4><strong>Investigador, Doctorando</strong></h4>
<p>[/et_pb_text][/et_pb_column][/et_pb_row][et_pb_row column_structure=»1_4,1_4,1_4,1_4&#8243; use_custom_gutter=»on» _builder_version=»4.6.6&#8243; custom_margin=»|||»][et_pb_column type=»1_4&#8243; _builder_version=»3.25&#8243; custom_padding=»|||» custom_padding__hover=»|||»][et_pb_text _builder_version=»4.6.6&#8243; _module_preset=»default»]</p>
<h4>Ing. Matías Pretel</h4>
<h4><strong>Investigador, Doctorando</strong></h4>
<p>[/et_pb_text][/et_pb_column][et_pb_column type=»1_4&#8243; _builder_version=»3.25&#8243; custom_padding=»|||» custom_padding__hover=»|||»][et_pb_text _builder_version=»4.6.6&#8243; _module_preset=»default»]</p>
<h4>Msc. Ing. Andrés Rodriguez</h4>
<h4><strong>Investigador, Doctorando</strong></h4>
<p>&nbsp;</p>
<p>[/et_pb_text][/et_pb_column][et_pb_column type=»1_4&#8243; _builder_version=»3.25&#8243; custom_padding=»|||» custom_padding__hover=»|||»][et_pb_text _builder_version=»4.6.6&#8243; _module_preset=»default»]</p>
<h4>Msc. Ing. Mathías Angélico</h4>
<h4><strong>Consultor</strong></h4>
<p>[/et_pb_text][/et_pb_column][et_pb_column type=»1_4&#8243; _builder_version=»3.25&#8243; custom_padding=»|||» custom_padding__hover=»|||»][et_pb_text _builder_version=»4.6.6&#8243; _module_preset=»default»]</p>
<h4>Ing. Juan Matus</h4>
<h4><strong>Consultor</strong></h4>
<p>[/et_pb_text][/et_pb_column][/et_pb_row][et_pb_row column_structure=»1_4,1_4,1_4,1_4&#8243; use_custom_gutter=»on» _builder_version=»4.6.6&#8243; custom_margin=»|||»][et_pb_column type=»1_4&#8243; _builder_version=»3.25&#8243; custom_padding=»|||» custom_padding__hover=»|||»][et_pb_text _builder_version=»4.6.6&#8243; _module_preset=»default»]</p>
<h4>Rocío Parra</h4>
<h4><strong>Becaria</strong></h4>
<p>[/et_pb_text][/et_pb_column][et_pb_column type=»1_4&#8243; _builder_version=»3.25&#8243; custom_padding=»|||» custom_padding__hover=»|||»][et_pb_text _builder_version=»4.6.6&#8243; _module_preset=»default»]</p>
<h4>Jorge Cáceres</h4>
<h4><strong>Técnico</strong></h4>
<p>&nbsp;</p>
<p>[/et_pb_text][/et_pb_column][et_pb_column type=»1_4&#8243; _builder_version=»3.25&#8243; custom_padding=»|||» custom_padding__hover=»|||»][et_pb_text _builder_version=»4.6.6&#8243; _module_preset=»default»]</p>
<h4>Gabriel Zapata</h4>
<h4><strong>Técnico</strong></h4>
<p>[/et_pb_text][/et_pb_column][et_pb_column type=»1_4&#8243; _builder_version=»3.25&#8243; custom_padding=»|||» custom_padding__hover=»|||»][/et_pb_column][/et_pb_row][et_pb_row _builder_version=»4.6.6&#8243; _module_preset=»default»][et_pb_column type=»4_4&#8243; _builder_version=»4.6.6&#8243; _module_preset=»default»][/et_pb_column][/et_pb_row][/et_pb_section]</p>

<p>Quienes Somos Centro de I+D en Electrónica IndustrialDr. Ing. Miguel Aguirre DirectorDr. Ing. Pablo Cossutta Co-Director &nbsp;Ing. Carlos SelmoInvestigador, Doctorando &nbsp;Msc. Ing. Nicolás Magliola Investigador, DoctorandoIng. Matías Pretel Investigador, DoctorandoMsc. Ing. Andrés Rodriguez Investigador, Doctorando &nbsp;Msc. Ing. Mathías Angélico ConsultorIng. Juan Matus ConsultorRocío Parra BecariaJorge Cáceres Técnico &nbsp;Gabriel Zapata Técnico</p>
