{"id":27,"date":"2020-11-20T14:47:07","date_gmt":"2020-11-20T14:47:07","guid":{"rendered":"https:\/\/www.itba.edu.ar\/centros\/cic\/?page_id=27"},"modified":"2020-11-24T15:13:12","modified_gmt":"2020-11-24T15:13:12","slug":"proyectos-de-i-d","status":"publish","type":"page","link":"https:\/\/www.itba.edu.ar\/centros\/cic\/proyectos-de-i-d\/","title":{"rendered":"Proyectos de ID"},"content":{"rendered":"<p>[et_pb_section fb_built=\u00bb1&#8243; admin_label=\u00bbHero\u00bb _builder_version=\u00bb4.6.6&#8243; use_background_color_gradient=\u00bbon\u00bb background_color_gradient_start=\u00bbrgba(40,40,40,0.79)\u00bb background_color_gradient_end=\u00bbrgba(40,40,40,0.86)\u00bb background_color_gradient_type=\u00bbradial\u00bb background_color_gradient_direction_radial=\u00bbtop left\u00bb background_color_gradient_overlays_image=\u00bbon\u00bb background_image=\u00bbhttps:\/\/centros-investigacion-nv.s3.amazonaws.com\/wp-content\/uploads\/sites\/13\/2020\/11\/cic-header-proyectos-financiados.jpg\u00bb background_blend=\u00bbhard-light\u00bb max_height=\u00bb400px\u00bb custom_margin=\u00bb||||false\u00bb custom_padding=\u00bb8vw||8vw||true|false\u00bb][et_pb_row column_structure=\u00bb2_3,1_3&#8243; _builder_version=\u00bb4.6.6&#8243; custom_margin=\u00bb-50px||||false|false\u00bb locked=\u00bboff\u00bb][et_pb_column type=\u00bb2_3&#8243; _builder_version=\u00bb3.25&#8243; custom_padding=\u00bb|||\u00bb custom_padding__hover=\u00bb|||\u00bb][et_pb_text _builder_version=\u00bb4.6.6&#8243; text_font=\u00bb||||||||\u00bb header_font=\u00bbRubik|700|||||||\u00bb header_font_size=\u00bb64px\u00bb header_line_height=\u00bb1.1em\u00bb background_layout=\u00bbdark\u00bb max_width=\u00bb968px\u00bb custom_margin=\u00bb||0px|\u00bb custom_padding=\u00bb|||16px\u00bb hover_enabled=\u00bb0&#8243; text_font_size_tablet=\u00bb14px\u00bb text_font_size_last_edited=\u00bboff|desktop\u00bb header_font_size_tablet=\u00bb44px\u00bb header_font_size_phone=\u00bb32px\u00bb header_font_size_last_edited=\u00bbon|phone\u00bb border_color_all=\u00bb#ADFF30&#8243; border_width_left=\u00bb10px\u00bb sticky_enabled=\u00bb0&#8243;]<\/p>\n<h1>Proyectos de I+D<\/h1>\n<h2 style=\"color: #000\"><span style=\"background-color: #adff30;background-size: auto;line-height: 1.6;color: #000000\">Centro de Inteligencia Computacional<\/span><\/h2>\n<p>[\/et_pb_text][\/et_pb_column][et_pb_column type=\u00bb1_3&#8243; _builder_version=\u00bb3.25&#8243; custom_padding=\u00bb|||\u00bb custom_padding__hover=\u00bb|||\u00bb][\/et_pb_column][\/et_pb_row][\/et_pb_section][et_pb_section fb_built=\u00bb1&#8243; admin_label=\u00bb Get a Quote\u00bb _builder_version=\u00bb4.6.6&#8243; background_color=\u00bb#ffffff\u00bb custom_padding=\u00bb|||\u00bb animation_style=\u00bbslide\u00bb animation_direction=\u00bbtop\u00bb animation_intensity_slide=\u00bb10%\u00bb box_shadow_style=\u00bbpreset3&#8243; box_shadow_vertical=\u00bb10px\u00bb box_shadow_blur=\u00bb105px\u00bb box_shadow_spread=\u00bb0px\u00bb box_shadow_color=\u00bbrgba(0,0,0,0.12)\u00bb][et_pb_row _builder_version=\u00bb4.6.6&#8243; background_color=\u00bb#ffffff\u00bb max_width=\u00bb80%\u00bb custom_margin=\u00bb|||\u00bb use_custom_width=\u00bbon\u00bb width_unit=\u00bboff\u00bb][et_pb_column type=\u00bb4_4&#8243; _builder_version=\u00bb4.6.6&#8243; background_color=\u00bb#ffffff\u00bb custom_padding=\u00bb|||\u00bb custom_padding__hover=\u00bb|||\u00bb][et_pb_toggle title=\u00bbProyectos en ejecuci\u00f3n\u00bb open_toggle_background_color=\u00bb#ffffff\u00bb closed_toggle_background_color=\u00bb#F4F4F4&#8243; disabled_on=\u00bboff|off|off\u00bb _builder_version=\u00bb4.6.6&#8243; _module_preset=\u00bbdefault\u00bb closed_title_font=\u00bbOpen Sans||||||||\u00bb background_color=\u00bb#ffffff\u00bb]<\/p>\n<ul>\n<li>Investigaci\u00f3n: Aprendizaje por refuerzo con redes neuronales profundas.<\/li>\n<li>Proyecto de Desarrollo: MiniRobot de inspecci\u00f3n (R1) para ca\u00f1er\u00edas pluviales en CABA para AprA-GCBA.<\/li>\n<li>Proyecto de Investigaci\u00f3n y desarrollo: visi\u00f3n 360 basado en c\u00e1maras ojo de pez.<\/li>\n<li>Investigaci\u00f3n: decodificaci\u00f3n de se\u00f1ales de EEG e implementaci\u00f3n de dispositivos de asistencia basados en BCI.<\/li>\n<li>Investigaci\u00f3n: Interpretaci\u00f3n autom\u00e1tica de im\u00e1genes SAR utilizando m\u00e9todos de aprendizaje autom\u00e1tico.<\/li>\n<li>Investigaci\u00f3n: Recuperaci\u00f3n y Clasificaci\u00f3n de Objetos 3D utilizando Atributos Geom\u00e9tricos de Im\u00e1genes.<\/li>\n<li>Proyecto de Investigaci\u00f3n y desarrollo: Construcci\u00f3n de mapas locales en coches aut\u00f3nomos para f\u00f3rmula FSAE basado en im\u00e1genes.<\/li>\n<\/ul>\n<p>[\/et_pb_toggle][\/et_pb_column][\/et_pb_row][\/et_pb_section]<\/p>\n","protected":false},"excerpt":{"rendered":"<p>Proyectos de I+D Centro de Inteligencia Computacional Investigaci\u00f3n: Aprendizaje por refuerzo con redes neuronales profundas. Proyecto de Desarrollo: MiniRobot de inspecci\u00f3n (R1) para ca\u00f1er\u00edas pluviales en CABA para AprA-GCBA. Proyecto de Investigaci\u00f3n y desarrollo: visi\u00f3n 360 basado en c\u00e1maras ojo de pez. Investigaci\u00f3n: decodificaci\u00f3n de se\u00f1ales de EEG e implementaci\u00f3n de dispositivos de asistencia basados [&hellip;]<\/p>\n","protected":false},"author":7,"featured_media":0,"parent":0,"menu_order":0,"comment_status":"closed","ping_status":"closed","template":"","meta":{"_et_pb_use_builder":"on","_et_pb_old_content":"","_et_gb_content_width":"","footnotes":""},"class_list":["post-27","page","type-page","status-publish","hentry"],"_links":{"self":[{"href":"https:\/\/www.itba.edu.ar\/centros\/cic\/wp-json\/wp\/v2\/pages\/27","targetHints":{"allow":["GET"]}}],"collection":[{"href":"https:\/\/www.itba.edu.ar\/centros\/cic\/wp-json\/wp\/v2\/pages"}],"about":[{"href":"https:\/\/www.itba.edu.ar\/centros\/cic\/wp-json\/wp\/v2\/types\/page"}],"author":[{"embeddable":true,"href":"https:\/\/www.itba.edu.ar\/centros\/cic\/wp-json\/wp\/v2\/users\/7"}],"replies":[{"embeddable":true,"href":"https:\/\/www.itba.edu.ar\/centros\/cic\/wp-json\/wp\/v2\/comments?post=27"}],"version-history":[{"count":6,"href":"https:\/\/www.itba.edu.ar\/centros\/cic\/wp-json\/wp\/v2\/pages\/27\/revisions"}],"predecessor-version":[{"id":62,"href":"https:\/\/www.itba.edu.ar\/centros\/cic\/wp-json\/wp\/v2\/pages\/27\/revisions\/62"}],"wp:attachment":[{"href":"https:\/\/www.itba.edu.ar\/centros\/cic\/wp-json\/wp\/v2\/media?parent=27"}],"curies":[{"name":"wp","href":"https:\/\/api.w.org\/{rel}","templated":true}]}}