{"id":42,"date":"2020-11-19T14:43:14","date_gmt":"2020-11-19T14:43:14","guid":{"rendered":"https:\/\/www.itba.edu.ar\/centros\/cesyc\/?page_id=42"},"modified":"2021-02-01T14:13:53","modified_gmt":"2021-02-01T14:13:53","slug":"quienes-somos","status":"publish","type":"page","link":"https:\/\/www.itba.edu.ar\/centros\/cesyc\/quienes-somos\/","title":{"rendered":"Quienes Somos"},"content":{"rendered":"<p>[et_pb_section fb_built=\u00bb1&#8243; admin_label=\u00bbHero\u00bb _builder_version=\u00bb4.6.6&#8243; use_background_color_gradient=\u00bbon\u00bb background_color_gradient_start=\u00bbrgba(40,40,40,0.79)\u00bb background_color_gradient_end=\u00bbrgba(40,40,40,0.86)\u00bb background_color_gradient_type=\u00bbradial\u00bb background_color_gradient_direction_radial=\u00bbtop left\u00bb background_color_gradient_overlays_image=\u00bbon\u00bb background_image=\u00bbhttps:\/\/centros-investigacion-nv.s3.amazonaws.com\/wp-content\/uploads\/sites\/9\/2020\/11\/cesyc-header-quienes-somos.jpg\u00bb background_blend=\u00bbsoft-light\u00bb max_height=\u00bb400px\u00bb custom_margin=\u00bb-50px||||false|false\u00bb custom_padding=\u00bb10vw||10vw||true|false\u00bb][et_pb_row _builder_version=\u00bb3.25&#8243;][et_pb_column type=\u00bb4_4&#8243; _builder_version=\u00bb3.25&#8243; custom_padding=\u00bb|||\u00bb custom_padding__hover=\u00bb|||\u00bb][et_pb_text _builder_version=\u00bb4.6.6&#8243; text_font=\u00bb||||||||\u00bb header_font=\u00bbRubik|700|||||||\u00bb header_font_size=\u00bb64px\u00bb header_line_height=\u00bb1.1em\u00bb background_layout=\u00bbdark\u00bb max_width=\u00bb800px\u00bb custom_margin=\u00bb||0px|\u00bb custom_padding=\u00bb|||16px\u00bb text_font_size_tablet=\u00bb14px\u00bb text_font_size_last_edited=\u00bboff|desktop\u00bb header_font_size_tablet=\u00bb44px\u00bb header_font_size_phone=\u00bb32px\u00bb header_font_size_last_edited=\u00bbon|phone\u00bb border_color_all=\u00bb#034EA2&#8243; border_width_left=\u00bb10px\u00bb]<\/p>\n<h1>Quienes Somos<\/h1>\n<h2><span style=\"background-color: #034ea2;background-size: auto;line-height: 1.6\">Centro de Sistemas y Control<\/span><\/h2>\n<p>[\/et_pb_text][et_pb_divider show_divider=\u00bboff\u00bb _builder_version=\u00bb4.6.6&#8243; _module_preset=\u00bbdefault\u00bb custom_margin=\u00bb60px||||false|false\u00bb][\/et_pb_divider][\/et_pb_column][\/et_pb_row][\/et_pb_section][et_pb_section fb_built=\u00bb1&#8243; admin_label=\u00bbProject Details\u00bb _builder_version=\u00bb4.6.6&#8243; custom_padding=\u00bb10px||10px||true|\u00bb][et_pb_row _builder_version=\u00bb3.25&#8243;][et_pb_column type=\u00bb4_4&#8243; _builder_version=\u00bb3.25&#8243; custom_padding=\u00bb|||\u00bb custom_padding__hover=\u00bb|||\u00bb][et_pb_text _builder_version=\u00bb4.6.6&#8243; text_font=\u00bb||||||||\u00bb text_font_size=\u00bb15px\u00bb text_line_height=\u00bb1.8em\u00bb custom_padding=\u00bb|||\u00bb custom_padding_tablet=\u00bb|40px||40px||true\u00bb custom_padding_last_edited=\u00bboff|desktop\u00bb locked=\u00bboff\u00bb]<\/p>\n<h1 style=\"text-align: center\">Quienes Somos<\/h1>\n<p>[\/et_pb_text][\/et_pb_column][\/et_pb_row][et_pb_row column_structure=\u00bb1_3,1_3,1_3&#8243; _builder_version=\u00bb4.6.6&#8243; _module_preset=\u00bbdefault\u00bb][et_pb_column type=\u00bb1_3&#8243; _builder_version=\u00bb4.6.6&#8243; _module_preset=\u00bbdefault\u00bb][et_pb_text _builder_version=\u00bb4.6.6&#8243; _module_preset=\u00bbdefault\u00bb]<\/p>\n<h4>Investigadores Formados<\/h4>\n<p>&nbsp;<\/p>\n<ul>\n<li>Rafael Garc\u00eda<\/li>\n<li>Alejandro Ghersin<\/li>\n<li>Jos\u00e9 Luis Mancilla Aguilar (Director)<\/li>\n<li>Ignacio Mas<\/li>\n<li>Ricardo S\u00e1nchez Pe\u00f1a<\/li>\n<\/ul>\n<p>[\/et_pb_text][\/et_pb_column][et_pb_column type=\u00bb1_3&#8243; _builder_version=\u00bb4.6.6&#8243; _module_preset=\u00bbdefault\u00bb][\/et_pb_column][et_pb_column type=\u00bb1_3&#8243; _builder_version=\u00bb4.6.6&#8243; _module_preset=\u00bbdefault\u00bb][et_pb_text _builder_version=\u00bb4.6.6&#8243; _module_preset=\u00bbdefault\u00bb]<\/p>\n<h4>Investigadores en Formaci\u00f3n<\/h4>\n<p>&nbsp;<\/p>\n<ul>\n<li>Mauro Baquero-Su\u00e1rez, tesista de doctorado<\/li>\n<li>Oscar Mat\u00edas Ben\u00edtez, tesista de doctorado<\/li>\n<li>Mart\u00edn David, tesista de doctorado<\/li>\n<li>Sebasti\u00e1n Mart\u00ednez, tesista de doctorado<\/li>\n<li>Marcela Moscoso, postdoctorado<\/li>\n<li>Jos\u00e9 Esteban Rojas Ruiz, tesista de doctorado<\/li>\n<\/ul>\n<p>[\/et_pb_text][\/et_pb_column][\/et_pb_row][\/et_pb_section]<\/p>\n","protected":false},"excerpt":{"rendered":"<p>Quienes Somos Centro de Sistemas y ControlQuienes SomosInvestigadores Formados &nbsp; Rafael Garc\u00eda Alejandro Ghersin Jos\u00e9 Luis Mancilla Aguilar (Director) Ignacio Mas Ricardo S\u00e1nchez Pe\u00f1a Investigadores en Formaci\u00f3n &nbsp; Mauro Baquero-Su\u00e1rez, tesista de doctorado Oscar Mat\u00edas Ben\u00edtez, tesista de doctorado Mart\u00edn David, tesista de doctorado Sebasti\u00e1n Mart\u00ednez, tesista de doctorado Marcela Moscoso, postdoctorado Jos\u00e9 Esteban Rojas [&hellip;]<\/p>\n","protected":false},"author":7,"featured_media":0,"parent":0,"menu_order":0,"comment_status":"closed","ping_status":"closed","template":"","meta":{"_et_pb_use_builder":"on","_et_pb_old_content":"","_et_gb_content_width":"","footnotes":""},"class_list":["post-42","page","type-page","status-publish","hentry"],"_links":{"self":[{"href":"https:\/\/www.itba.edu.ar\/centros\/cesyc\/wp-json\/wp\/v2\/pages\/42","targetHints":{"allow":["GET"]}}],"collection":[{"href":"https:\/\/www.itba.edu.ar\/centros\/cesyc\/wp-json\/wp\/v2\/pages"}],"about":[{"href":"https:\/\/www.itba.edu.ar\/centros\/cesyc\/wp-json\/wp\/v2\/types\/page"}],"author":[{"embeddable":true,"href":"https:\/\/www.itba.edu.ar\/centros\/cesyc\/wp-json\/wp\/v2\/users\/7"}],"replies":[{"embeddable":true,"href":"https:\/\/www.itba.edu.ar\/centros\/cesyc\/wp-json\/wp\/v2\/comments?post=42"}],"version-history":[{"count":7,"href":"https:\/\/www.itba.edu.ar\/centros\/cesyc\/wp-json\/wp\/v2\/pages\/42\/revisions"}],"predecessor-version":[{"id":112,"href":"https:\/\/www.itba.edu.ar\/centros\/cesyc\/wp-json\/wp\/v2\/pages\/42\/revisions\/112"}],"wp:attachment":[{"href":"https:\/\/www.itba.edu.ar\/centros\/cesyc\/wp-json\/wp\/v2\/media?parent=42"}],"curies":[{"name":"wp","href":"https:\/\/api.w.org\/{rel}","templated":true}]}}

<p>[et_pb_section fb_built=»1&#8243; admin_label=»Hero» _builder_version=»4.6.6&#8243; use_background_color_gradient=»on» background_color_gradient_start=»rgba(40,40,40,0.79)» background_color_gradient_end=»rgba(40,40,40,0.86)» background_color_gradient_type=»radial» background_color_gradient_direction_radial=»top left» background_color_gradient_overlays_image=»on» background_image=»https://centros-investigacion-nv.s3.amazonaws.com/wp-content/uploads/sites/9/2020/11/cesyc-header-quienes-somos.jpg» background_blend=»soft-light» max_height=»400px» custom_margin=»-50px||||false|false» custom_padding=»10vw||10vw||true|false»][et_pb_row _builder_version=»3.25&#8243;][et_pb_column type=»4_4&#8243; _builder_version=»3.25&#8243; custom_padding=»|||» custom_padding__hover=»|||»][et_pb_text _builder_version=»4.6.6&#8243; text_font=»||||||||» header_font=»Rubik|700|||||||» header_font_size=»64px» header_line_height=»1.1em» background_layout=»dark» max_width=»800px» custom_margin=»||0px|» custom_padding=»|||16px» text_font_size_tablet=»14px» text_font_size_last_edited=»off|desktop» header_font_size_tablet=»44px» header_font_size_phone=»32px» header_font_size_last_edited=»on|phone» border_color_all=»#034EA2&#8243; border_width_left=»10px»]</p>
<h1>Quienes Somos</h1>
<h2><span style="background-color: #034ea2;background-size: auto;line-height: 1.6">Centro de Sistemas y Control</span></h2>
<p>[/et_pb_text][et_pb_divider show_divider=»off» _builder_version=»4.6.6&#8243; _module_preset=»default» custom_margin=»60px||||false|false»][/et_pb_divider][/et_pb_column][/et_pb_row][/et_pb_section][et_pb_section fb_built=»1&#8243; admin_label=»Project Details» _builder_version=»4.6.6&#8243; custom_padding=»10px||10px||true|»][et_pb_row _builder_version=»3.25&#8243;][et_pb_column type=»4_4&#8243; _builder_version=»3.25&#8243; custom_padding=»|||» custom_padding__hover=»|||»][et_pb_text _builder_version=»4.6.6&#8243; text_font=»||||||||» text_font_size=»15px» text_line_height=»1.8em» custom_padding=»|||» custom_padding_tablet=»|40px||40px||true» custom_padding_last_edited=»off|desktop» locked=»off»]</p>
<h1 style="text-align: center">Quienes Somos</h1>
<p>[/et_pb_text][/et_pb_column][/et_pb_row][et_pb_row column_structure=»1_3,1_3,1_3&#8243; _builder_version=»4.6.6&#8243; _module_preset=»default»][et_pb_column type=»1_3&#8243; _builder_version=»4.6.6&#8243; _module_preset=»default»][et_pb_text _builder_version=»4.6.6&#8243; _module_preset=»default»]</p>
<h4>Investigadores Formados</h4>
<p>&nbsp;</p>
<ul>
<li>Rafael García</li>
<li>Alejandro Ghersin</li>
<li>José Luis Mancilla Aguilar (Director)</li>
<li>Ignacio Mas</li>
<li>Ricardo Sánchez Peña</li>
</ul>
<p>[/et_pb_text][/et_pb_column][et_pb_column type=»1_3&#8243; _builder_version=»4.6.6&#8243; _module_preset=»default»][/et_pb_column][et_pb_column type=»1_3&#8243; _builder_version=»4.6.6&#8243; _module_preset=»default»][et_pb_text _builder_version=»4.6.6&#8243; _module_preset=»default»]</p>
<h4>Investigadores en Formación</h4>
<p>&nbsp;</p>
<ul>
<li>Mauro Baquero-Suárez, tesista de doctorado</li>
<li>Oscar Matías Benítez, tesista de doctorado</li>
<li>Martín David, tesista de doctorado</li>
<li>Sebastián Martínez, tesista de doctorado</li>
<li>Marcela Moscoso, postdoctorado</li>
<li>José Esteban Rojas Ruiz, tesista de doctorado</li>
</ul>
<p>[/et_pb_text][/et_pb_column][/et_pb_row][/et_pb_section]</p>

<p>Quienes Somos Centro de Sistemas y ControlQuienes SomosInvestigadores Formados &nbsp; Rafael García Alejandro Ghersin José Luis Mancilla Aguilar (Director) Ignacio Mas Ricardo Sánchez Peña Investigadores en Formación &nbsp; Mauro Baquero-Suárez, tesista de doctorado Oscar Matías Benítez, tesista de doctorado Martín David, tesista de doctorado Sebastián Martínez, tesista de doctorado Marcela Moscoso, postdoctorado José Esteban Rojas [&hellip;]</p>
