{"id":21,"date":"2020-11-19T14:27:47","date_gmt":"2020-11-19T14:27:47","guid":{"rendered":"https:\/\/www.itba.edu.ar\/centros\/cesyc\/?page_id=21"},"modified":"2020-11-30T19:53:00","modified_gmt":"2020-11-30T19:53:00","slug":"centro-de-sistemas-y-control","status":"publish","type":"page","link":"https:\/\/www.itba.edu.ar\/centros\/cesyc\/","title":{"rendered":"Centro de Sistemas y Control"},"content":{"rendered":"<p>[et_pb_section fb_built=\u00bb1&#8243; admin_label=\u00bbHero\u00bb _builder_version=\u00bb4.6.6&#8243; use_background_color_gradient=\u00bbon\u00bb background_color_gradient_start=\u00bbrgba(40,40,40,0.79)\u00bb background_color_gradient_end=\u00bbrgba(40,40,40,0.86)\u00bb background_color_gradient_type=\u00bbradial\u00bb background_color_gradient_direction_radial=\u00bbtop left\u00bb background_color_gradient_overlays_image=\u00bbon\u00bb background_image=\u00bbhttps:\/\/centros-investigacion-nv.s3.amazonaws.com\/wp-content\/uploads\/sites\/9\/2020\/11\/cesyc-header-incio.jpg\u00bb parallax=\u00bbon\u00bb custom_margin=\u00bb||||false\u00bb custom_padding=\u00bb10vw||10vw||true|false\u00bb][et_pb_row column_structure=\u00bb2_3,1_3&#8243; _builder_version=\u00bb3.25&#8243;][et_pb_column type=\u00bb2_3&#8243; _builder_version=\u00bb3.25&#8243; custom_padding=\u00bb|||\u00bb custom_padding__hover=\u00bb|||\u00bb][et_pb_text _builder_version=\u00bb4.6.6&#8243; text_font=\u00bb||||||||\u00bb header_font=\u00bbRubik|700|||||||\u00bb header_font_size=\u00bb64px\u00bb header_line_height=\u00bb1.1em\u00bb background_layout=\u00bbdark\u00bb max_width=\u00bb800px\u00bb custom_margin=\u00bb||0px|\u00bb custom_padding=\u00bb|||16px\u00bb text_font_size_tablet=\u00bb14px\u00bb text_font_size_last_edited=\u00bboff|desktop\u00bb header_font_size_tablet=\u00bb44px\u00bb header_font_size_phone=\u00bb32px\u00bb header_font_size_last_edited=\u00bbon|phone\u00bb border_color_all=\u00bb#034EA2&#8243; border_width_left=\u00bb10px\u00bb]<\/p>\n<h1>CESYC<\/h1>\n<h2><span style=\"background-color: #034ea2;background-size: auto;line-height: 1.6\">Centro de Sistemas y Control<\/span><\/h2>\n<p><span style=\"font-size: 26px\">Departamento de Matem\u00e1tica<\/span><\/p>\n<p>[\/et_pb_text][\/et_pb_column][et_pb_column type=\u00bb1_3&#8243; _builder_version=\u00bb3.25&#8243; custom_padding=\u00bb|||\u00bb custom_padding__hover=\u00bb|||\u00bb][\/et_pb_column][\/et_pb_row][\/et_pb_section][et_pb_section fb_built=\u00bb1&#8243; admin_label=\u00bbAbout Us\u00bb _builder_version=\u00bb3.22&#8243;][et_pb_row _builder_version=\u00bb4.6.6&#8243;][et_pb_column type=\u00bb4_4&#8243; _builder_version=\u00bb3.25&#8243; custom_padding=\u00bb|||\u00bb custom_padding__hover=\u00bb|||\u00bb][et_pb_text _builder_version=\u00bb4.6.6&#8243; text_font=\u00bb||||||||\u00bb text_font_size=\u00bb15px\u00bb text_line_height=\u00bb1.8em\u00bb custom_padding=\u00bb|||\u00bb custom_padding_tablet=\u00bb|40px||40px||true\u00bb custom_padding_last_edited=\u00bboff|desktop\u00bb animation_style=\u00bbfold\u00bb]<\/p>\n<p>El Centro de Sistemas y Control agrupa investigadores en el \u00e1rea de sistemas y control. Como objetivos generales el centro se plantea las siguientes metas:<\/p>\n<ul>\n<li>Ser un centro de referencia acad\u00e9mico a nivel nacional, tanto en el plano te\u00f3rico como aplicado.<\/li>\n<li>Constituir un grupo de investigaci\u00f3n de nivel internacional en el \u00e1rea de incumbencia.<\/li>\n<li>Formar recursos humanos de calidad.<\/li>\n<\/ul>\n<p>Las investigaciones llevadas adelante por los investigadores del centro son tanto de \u00edndole te\u00f3rica como aplicada y representan un aporte al conocimiento del \u00e1rea. Los resultados de las investigaciones te\u00f3ricas pueden ser utilizados en forma directa al desarrollo de la teor\u00eda de sistemas y control y en forma indirecta a las aplicaciones pr\u00e1cticas de \u00e9sta, mientras que los de \u00edndole m\u00e1s aplicado pueden emplearse, entre otras, en el \u00e1rea de salud (control de diabetes), veh\u00edculos a\u00e9reos no tripulados, atenuaci\u00f3n de ruido en cascos de motociclista y en el control de celdas combustibles.<\/p>\n<p><strong><\/strong><\/p>\n<hr \/>\n<p>&nbsp;<\/p>\n<h2><strong>L\u00edneas de investigaci\u00f3n\u00a0<\/strong><\/h2>\n<p><strong>\u00a0<\/strong><\/p>\n<ul>\n<li>Sistemas de control no lineal.<\/li>\n<li>Estabilidad de sistemas din\u00e1micos h\u00edbridos.<\/li>\n<li>Observadores para sistemas no lineales.<\/li>\n<li>Navegaci\u00f3n y control de veh\u00edculos aut\u00f3nomos a\u00e9reos, terrestres y acu\u00e1ticos.<\/li>\n<li>T\u00e9cnicas de control coordinado para formaciones de robots m\u00f3viles.<\/li>\n<li>Desarrollo de veh\u00edculos no tripulados y su utilizaci\u00f3n en aplicaciones de campo.<\/li>\n<li>P\u00e1ncreas Artificial.<\/li>\n<li>Control de la actividad neuronal a lazo cerrado mediante optogen\u00e9tica.<\/li>\n<li>Control de electrolizadores de alta presi\u00f3n.<\/li>\n<\/ul>\n<p>[\/et_pb_text][\/et_pb_column][\/et_pb_row][\/et_pb_section]<\/p>\n","protected":false},"excerpt":{"rendered":"<p>CESYC Centro de Sistemas y Control Departamento de Matem\u00e1ticaEl Centro de Sistemas y Control agrupa investigadores en el \u00e1rea de sistemas y control. Como objetivos generales el centro se plantea las siguientes metas: Ser un centro de referencia acad\u00e9mico a nivel nacional, tanto en el plano te\u00f3rico como aplicado. Constituir un grupo de investigaci\u00f3n de [&hellip;]<\/p>\n","protected":false},"author":7,"featured_media":0,"parent":0,"menu_order":0,"comment_status":"closed","ping_status":"closed","template":"","meta":{"_et_pb_use_builder":"on","_et_pb_old_content":"","_et_gb_content_width":"","footnotes":""},"class_list":["post-21","page","type-page","status-publish","hentry"],"_links":{"self":[{"href":"https:\/\/www.itba.edu.ar\/centros\/cesyc\/wp-json\/wp\/v2\/pages\/21","targetHints":{"allow":["GET"]}}],"collection":[{"href":"https:\/\/www.itba.edu.ar\/centros\/cesyc\/wp-json\/wp\/v2\/pages"}],"about":[{"href":"https:\/\/www.itba.edu.ar\/centros\/cesyc\/wp-json\/wp\/v2\/types\/page"}],"author":[{"embeddable":true,"href":"https:\/\/www.itba.edu.ar\/centros\/cesyc\/wp-json\/wp\/v2\/users\/7"}],"replies":[{"embeddable":true,"href":"https:\/\/www.itba.edu.ar\/centros\/cesyc\/wp-json\/wp\/v2\/comments?post=21"}],"version-history":[{"count":10,"href":"https:\/\/www.itba.edu.ar\/centros\/cesyc\/wp-json\/wp\/v2\/pages\/21\/revisions"}],"predecessor-version":[{"id":107,"href":"https:\/\/www.itba.edu.ar\/centros\/cesyc\/wp-json\/wp\/v2\/pages\/21\/revisions\/107"}],"wp:attachment":[{"href":"https:\/\/www.itba.edu.ar\/centros\/cesyc\/wp-json\/wp\/v2\/media?parent=21"}],"curies":[{"name":"wp","href":"https:\/\/api.w.org\/{rel}","templated":true}]}}