{"id":98,"date":"2020-11-19T19:33:34","date_gmt":"2020-11-19T19:33:34","guid":{"rendered":"https:\/\/www.itba.edu.ar\/centros\/cdo\/?page_id=98"},"modified":"2022-12-06T18:40:12","modified_gmt":"2022-12-06T18:40:12","slug":"quienes-somos","status":"publish","type":"page","link":"https:\/\/www.itba.edu.ar\/centros\/cdo\/quienes-somos\/","title":{"rendered":"Quienes Somos"},"content":{"rendered":"<p>[et_pb_section fb_built=\u00bb1&#8243; admin_label=\u00bbHero\u00bb _builder_version=\u00bb4.16&#8243; use_background_color_gradient=\u00bbon\u00bb background_color_gradient_type=\u00bbcircular\u00bb background_color_gradient_direction_radial=\u00bbtop left\u00bb background_color_gradient_stops=\u00bbrgba(40,40,40,0.79) 0%|rgba(40,40,40,0.86) 100%\u00bb background_color_gradient_overlays_image=\u00bbon\u00bb background_color_gradient_start=\u00bbrgba(40,40,40,0.79)\u00bb background_color_gradient_end=\u00bbrgba(40,40,40,0.86)\u00bb background_image=\u00bbhttps:\/\/centros-investigacion-nv.s3.amazonaws.com\/wp-content\/uploads\/sites\/3\/2020\/11\/cdo-header-quienes.jpg\u00bb background_blend=\u00bbsoft-light\u00bb max_height=\u00bb400px\u00bb custom_margin=\u00bb-50px||||false|false\u00bb custom_padding=\u00bb10vw||10vw||true|false\u00bb global_colors_info=\u00bb{}\u00bb][et_pb_row _builder_version=\u00bb4.16&#8243; custom_margin=\u00bb-44px||||false|false\u00bb global_colors_info=\u00bb{}\u00bb][et_pb_column type=\u00bb4_4&#8243; _builder_version=\u00bb4.16&#8243; custom_padding=\u00bb|||\u00bb global_colors_info=\u00bb{}\u00bb custom_padding__hover=\u00bb|||\u00bb][et_pb_text _builder_version=\u00bb4.19.0&#8243; text_font=\u00bb||||||||\u00bb header_font=\u00bbRubik|700|||||||\u00bb header_font_size=\u00bb64px\u00bb header_line_height=\u00bb1.1em\u00bb background_layout=\u00bbdark\u00bb max_width=\u00bb800px\u00bb custom_margin=\u00bb||0px|\u00bb custom_padding=\u00bb|||16px\u00bb hover_enabled=\u00bb0&#8243; text_font_size_tablet=\u00bb14px\u00bb text_font_size_last_edited=\u00bboff|desktop\u00bb header_font_size_tablet=\u00bb44px\u00bb header_font_size_phone=\u00bb32px\u00bb header_font_size_last_edited=\u00bbon|phone\u00bb border_color_all=\u00bb#034EA2&#8243; border_width_left=\u00bb10px\u00bb global_colors_info=\u00bb{}\u00bb sticky_enabled=\u00bb0&#8243;]<\/p>\n<h1>Quienes Somos<\/h1>\n<h2>Centro de Optoelectr\u00f3nica <\/span><\/h2>\n<p>[\/et_pb_text][et_pb_divider show_divider=\u00bboff\u00bb _builder_version=\u00bb4.16&#8243; _module_preset=\u00bbdefault\u00bb custom_margin=\u00bb60px||||false|false\u00bb global_colors_info=\u00bb{}\u00bb][\/et_pb_divider][\/et_pb_column][\/et_pb_row][\/et_pb_section][et_pb_section fb_built=\u00bb1&#8243; admin_label=\u00bbProject Details\u00bb _builder_version=\u00bb4.16&#8243; min_height=\u00bb306px\u00bb custom_padding=\u00bb10px||10px||true|\u00bb global_colors_info=\u00bb{}\u00bb][et_pb_row _builder_version=\u00bb4.16&#8243; global_colors_info=\u00bb{}\u00bb][et_pb_column type=\u00bb4_4&#8243; _builder_version=\u00bb4.16&#8243; custom_padding=\u00bb|||\u00bb global_colors_info=\u00bb{}\u00bb custom_padding__hover=\u00bb|||\u00bb][et_pb_text _builder_version=\u00bb4.16&#8243; text_font=\u00bb||||||||\u00bb text_font_size=\u00bb15px\u00bb text_line_height=\u00bb1.8em\u00bb custom_padding=\u00bb|||\u00bb custom_padding_tablet=\u00bb|40px||40px||true\u00bb custom_padding_last_edited=\u00bboff|desktop\u00bb locked=\u00bboff\u00bb global_colors_info=\u00bb{}\u00bb]<\/p>\n<h1 style=\"text-align: center\">Quienes Somos<\/h1>\n<p>[\/et_pb_text][\/et_pb_column][\/et_pb_row][et_pb_row column_structure=\u00bb1_3,1_3,1_3&#8243; _builder_version=\u00bb4.16&#8243; _module_preset=\u00bbdefault\u00bb custom_margin=\u00bb|auto|76px|auto||\u00bb global_colors_info=\u00bb{}\u00bb][et_pb_column type=\u00bb1_3&#8243; _builder_version=\u00bb4.16&#8243; _module_preset=\u00bbdefault\u00bb global_colors_info=\u00bb{}\u00bb][et_pb_text _builder_version=\u00bb4.16&#8243; _module_preset=\u00bbdefault\u00bb custom_padding=\u00bb||0px|||\u00bb global_colors_info=\u00bb{}\u00bb]<\/p>\n<p><strong>Juan Pablo Grisales Campe\u00f3n, alumno doctoral.<\/strong><\/p>\n<p>&nbsp;<\/p>\n<p>&nbsp;<\/p>\n<ul><\/ul>\n<p>&nbsp;<\/p>\n<p>[\/et_pb_text][\/et_pb_column][et_pb_column type=\u00bb1_3&#8243; _builder_version=\u00bb4.16&#8243; _module_preset=\u00bbdefault\u00bb global_colors_info=\u00bb{}\u00bb][et_pb_text _builder_version=\u00bb4.16&#8243; _module_preset=\u00bbdefault\u00bb global_colors_info=\u00bb{}\u00bb]<\/p>\n<p style=\"text-align: center\"><strong>Pablo K\u00f6nig, investigador.<\/strong><\/p>\n<p>&nbsp;<\/p>\n<p>&nbsp;<\/p>\n<ul><\/ul>\n<p>&nbsp;<\/p>\n<p>[\/et_pb_text][\/et_pb_column][et_pb_column type=\u00bb1_3&#8243; _builder_version=\u00bb4.16&#8243; _module_preset=\u00bbdefault\u00bb global_colors_info=\u00bb{}\u00bb][et_pb_text _builder_version=\u00bb4.16&#8243; _module_preset=\u00bbdefault\u00bb global_colors_info=\u00bb{}\u00bb]<\/p>\n<p style=\"text-align: center\"><strong>Pablo I. Fierens, investigador.<\/strong><\/p>\n<p>&nbsp;<\/p>\n<p>&nbsp;<\/p>\n<ul><\/ul>\n<p>&nbsp;<\/p>\n<p>[\/et_pb_text][\/et_pb_column][\/et_pb_row][\/et_pb_section][et_pb_section fb_built=\u00bb1&#8243; _builder_version=\u00bb4.19.0&#8243; _module_preset=\u00bbdefault\u00bb min_height=\u00bb1147.5px\u00bb global_colors_info=\u00bb{}\u00bb][et_pb_row _builder_version=\u00bb4.19.0&#8243; _module_preset=\u00bbdefault\u00bb global_colors_info=\u00bb{}\u00bb][et_pb_column type=\u00bb4_4&#8243; _builder_version=\u00bb4.19.0&#8243; _module_preset=\u00bbdefault\u00bb global_colors_info=\u00bb{}\u00bb][et_pb_text _builder_version=\u00bb4.19.0&#8243; _module_preset=\u00bbdefault\u00bb hover_enabled=\u00bb0&#8243; global_colors_info=\u00bb{}\u00bb sticky_enabled=\u00bb0&#8243;]<\/p>\n<h1 style=\"text-align: center\">Alumnos que colaboraron con el CDO<\/h1>\n<p>[\/et_pb_text][\/et_pb_column][\/et_pb_row][et_pb_row _builder_version=\u00bb4.19.0&#8243; _module_preset=\u00bbdefault\u00bb global_colors_info=\u00bb{}\u00bb][et_pb_column type=\u00bb4_4&#8243; _builder_version=\u00bb4.19.0&#8243; _module_preset=\u00bbdefault\u00bb global_colors_info=\u00bb{}\u00bb][et_pb_accordion _builder_version=\u00bb4.19.0&#8243; _module_preset=\u00bbdefault\u00bb hover_enabled=\u00bb0&#8243; global_colors_info=\u00bb{}\u00bb sticky_enabled=\u00bb0&#8243;][et_pb_accordion_item title=\u00bbDoctorado\u00bb open=\u00bbon\u00bb _builder_version=\u00bb4.19.0&#8243; _module_preset=\u00bbdefault\u00bb hover_enabled=\u00bb0&#8243; global_colors_info=\u00bb{}\u00bb sticky_enabled=\u00bb0&#8243;]<\/p>\n<ol>\n<li><a href=\"https:\/\/www.researchgate.net\/profile\/German_Patterson\">Germ\u00e1n A. Patterson<\/a>, <em>\u201cEstudio de la din\u00e1mica de los sistemas memristivos. Efecto del ruido y la temperatura en el fen\u00f3meno de la conmutaci\u00f3n resistiva.\u201d<\/em> Doctorado en F\u00edsica \u2013 FCEN, UBA. Defensa: 22\/12\/2014. Directores: Pablo I. Fierens, Diego F. Grosz.<\/li>\n<li>Santiago Agust\u00edn Ib\u00e1\u00f1ez, <em>\u201cTransmisi\u00f3n y almacenamiento de la informaci\u00f3n asistidos por ruido\u201d<\/em>. Doctorado en Inform\u00e1tica \u2013 ITBA. Defensa: 15\/06\/2010. Director: Diego F. Grosz, co-director: Pablo I. Fierens.<\/li>\n<\/ol>\n<p>[\/et_pb_accordion_item][et_pb_accordion_item title=\u00bbMaestr\u00eda\u00bb _builder_version=\u00bb4.19.0&#8243; _module_preset=\u00bbdefault\u00bb global_colors_info=\u00bb{}\u00bb open=\u00bboff\u00bb]<\/p>\n<ol>\n<li>Germ\u00e1n Schwoyer, <em>\u201cEstudio comparativo de m\u00e9todos de sensado en radio cognitiva. Sensado cooperativo de energ\u00eda\u201d. <\/em>Master en Telecomunicaciones \u2013 ITBA. Defensa: 11\/2016. Director: Pablo I. Fierens.<\/li>\n<li>Mat\u00edas Pighin, <em>\u201cVANET y servicios de emergencia\u201d. <\/em>Master en Telecomunicaciones \u2013 ITBA. Defensa: 8\/2016. Director: Pablo I. Fierens.<\/li>\n<li>Osvaldo P. Ivani, <em>\u201cImplementaci\u00f3n de sistemas Metro WiFi, un enfoque anal\u00edtico y operativo\u201d. <\/em>Master en Telecomunicaciones \u2013 ITBA. Defensa: 12\/2015. Director: Pablo I. Fierens.<\/li>\n<li>Eric D. Miedzowicz, <em>\u201cRed Inal\u00e1mbrica Municipal de la Ciudad de Buenos Aires. Dise\u00f1o y Servicios\u201d. <\/em>Master en Telecomunicaciones \u2013 ITBA. Defensa: 10\/2010. Director: Pablo I. Fierens.<\/li>\n<li>Carlos Esteban Benitez,<em> \u201cDeterminaci\u00f3n de Par\u00e1metros de Perfiles de Intrusos de Sistemas Inform\u00e1ticos, en funci\u00f3n de su Comportamiento\u201d.<\/em> Master en Sistemas de Informaci\u00f3n \u2013 UTN. Defensa: 05\/2010. Director: Pablo I. Fierens.<\/li>\n<li>Hugo Eduardo Luque, <em>\u201cSimulaci\u00f3n de un Sistema Di<\/em><em>stribuido de Detecci\u00f3n de Intrusiones\u201d. <\/em>Master en Telecomunicaciones \u2013 ITBA. Defensa: 09\/2008. Director: Pablo I. Fierens.<\/li>\n<\/ol>\n<p>[\/et_pb_accordion_item][et_pb_accordion_item title=\u00bbEspecializaci\u00f3n\u00bb _builder_version=\u00bb4.19.0&#8243; _module_preset=\u00bbdefault\u00bb global_colors_info=\u00bb{}\u00bb open=\u00bboff\u00bb]<\/p>\n<ol>\n<li>Pedro Ignacio Sequeira, <em>\u201cEstudio de la interoperabilidad entre distintos equipamientos DWDM\u201d<\/em>, Especializaci\u00f3n en Telecomunicaciones \u2013 ITBA, Marzo 2017.<\/li>\n<li>Sergio de Jes\u00fas, <em>\u201cDise\u00f1o de una red de sensores para la determinaci\u00f3n de variables peatonales\u201d<\/em>. Carrera de Especializaci\u00f3n en Sistemas Embebidos \u2013 Facultad de Ingenier\u00eda, UBA. Defensa: 5\/12\/2016.<\/li>\n<\/ol>\n<p>[\/et_pb_accordion_item][et_pb_accordion_item title=\u00bbTrabajos finales de carrera\u00bb _builder_version=\u00bb4.19.0&#8243; _module_preset=\u00bbdefault\u00bb global_colors_info=\u00bb{}\u00bb open=\u00bboff\u00bb]<\/p>\n<ol>\n<li>Segundo Fari\u00f1a, Gast\u00f3n Rodr\u00edguez,\u00a0<em>\u00abConteo de Personas\u00bb.<\/em> Proyecto final de carrera. Ingenier\u00eda Inform\u00e1tica &#8211; ITBA, Diciembre 2020.<\/li>\n<li>Juan Francisco Li Puma, Juli\u00e1n Rodriguez Nicastro, Diego de Rochebou\u00ebt, <em>\u201cSistemas de Posicionamiento en Interiores\u201d<\/em>. Proyecto final de carrera. Ingenier\u00eda Inform\u00e1tica \u2013 ITBA, Diciembre 2019.<\/li>\n<li><\/li>\n<\/ol>\n<p>[\/et_pb_accordion_item][et_pb_accordion_item title=\u00bbProyectos de laboratorio\u00bb _builder_version=\u00bb4.19.0&#8243; _module_preset=\u00bbdefault\u00bb global_colors_info=\u00bb{}\u00bb open=\u00bboff\u00bb]<\/p>\n<ol>\n<li><a href=\"https:\/\/www.researchgate.net\/profile\/German_Patterson\">Germ\u00e1n Patterson<\/a> y <a href=\"https:\/\/www.researchgate.net\/profile\/Andres_Goya\">Andr\u00e9s Goya<\/a> (2008)<\/li>\n<li><a href=\"https:\/\/scholar.google.com.ar\/citations?user=1n7YFKwAAAAJ&amp;hl=en&amp;oi=ao\">Guido Bellomo<\/a> (2010)<\/li>\n<li>Alejandro Garc\u00eda (2012)<\/li>\n<li>Noelia Fern\u00e1ndez (2014)<\/li>\n<li>Alan Rapoport y Agust\u00edn Cisternas Ferri (2018)<\/li>\n<li>Sasha Brenner y Ad\u00e1n Garros. Laboratorio 6 y 7 (2019)<\/li>\n<\/ol>\n<p>[\/et_pb_accordion_item][et_pb_accordion_item title=\u00bbOtros alumnos de grado\u00bb _builder_version=\u00bb4.19.0&#8243; _module_preset=\u00bbdefault\u00bb global_colors_info=\u00bb{}\u00bb open=\u00bboff\u00bb]<\/p>\n<ol>\n<li>Gast\u00f3n Kuracz, Francisco Reyna, Leandro Reina Kiperman: Simulaci\u00f3n de propagaci\u00f3n de pulsos en fibras \u00f3pticas usando GPUs. Los alumnos autores de este trabajo fueron distinguidos como ganadores del Premio de Iniciaci\u00f3n a la I+D del ITBA.<\/li>\n<li>Santiago Bassani y Luciano Bianchi: Sistema de posicionamiento de dispositivos m\u00f3viles.<\/li>\n<li>Federico Sangiuliano.<\/li>\n<\/ol>\n<p>[\/et_pb_accordion_item][\/et_pb_accordion][\/et_pb_column][\/et_pb_row][\/et_pb_section]<\/p>\n","protected":false},"excerpt":{"rendered":"<p>Quienes Somos Centro de Optoelectr\u00f3nica Quienes SomosJuan Pablo Grisales Campe\u00f3n, alumno doctoral. &nbsp; &nbsp; &nbsp;Pablo K\u00f6nig, investigador. &nbsp; &nbsp; &nbsp;Pablo I. Fierens, investigador. &nbsp; &nbsp; &nbsp;Alumnos que colaboraron con el CDO Germ\u00e1n A. Patterson, \u201cEstudio de la din\u00e1mica de los sistemas memristivos. Efecto del ruido y la temperatura en el fen\u00f3meno de la conmutaci\u00f3n resistiva.\u201d [&hellip;]<\/p>\n","protected":false},"author":7,"featured_media":0,"parent":0,"menu_order":0,"comment_status":"closed","ping_status":"closed","template":"","meta":{"_et_pb_use_builder":"on","_et_pb_old_content":"","_et_gb_content_width":"","footnotes":""},"class_list":["post-98","page","type-page","status-publish","hentry"],"_links":{"self":[{"href":"https:\/\/www.itba.edu.ar\/centros\/cdo\/wp-json\/wp\/v2\/pages\/98","targetHints":{"allow":["GET"]}}],"collection":[{"href":"https:\/\/www.itba.edu.ar\/centros\/cdo\/wp-json\/wp\/v2\/pages"}],"about":[{"href":"https:\/\/www.itba.edu.ar\/centros\/cdo\/wp-json\/wp\/v2\/types\/page"}],"author":[{"embeddable":true,"href":"https:\/\/www.itba.edu.ar\/centros\/cdo\/wp-json\/wp\/v2\/users\/7"}],"replies":[{"embeddable":true,"href":"https:\/\/www.itba.edu.ar\/centros\/cdo\/wp-json\/wp\/v2\/comments?post=98"}],"version-history":[{"count":11,"href":"https:\/\/www.itba.edu.ar\/centros\/cdo\/wp-json\/wp\/v2\/pages\/98\/revisions"}],"predecessor-version":[{"id":216,"href":"https:\/\/www.itba.edu.ar\/centros\/cdo\/wp-json\/wp\/v2\/pages\/98\/revisions\/216"}],"wp:attachment":[{"href":"https:\/\/www.itba.edu.ar\/centros\/cdo\/wp-json\/wp\/v2\/media?parent=98"}],"curies":[{"name":"wp","href":"https:\/\/api.w.org\/{rel}","templated":true}]}}